{"id":7465,"date":"2025-09-04T10:49:31","date_gmt":"2025-09-04T08:49:31","guid":{"rendered":"https:\/\/ofertacular.com\/index.php\/producto\/obi-wan-kenobi-2\/"},"modified":"2025-09-04T10:49:31","modified_gmt":"2025-09-04T08:49:31","slug":"obi-wan-kenobi-2","status":"publish","type":"product","link":"https:\/\/ofertacular.com\/index.php\/producto\/obi-wan-kenobi-2\/","title":{"rendered":"Obi-Wan Kenobi"},"content":{"rendered":"<div class=\"oferta-container\">\ud83d\udfea <b>FUNKO OFERTA<\/b> \ud83d\udfea #Publicidad #Amazon<\/p>\n<p>\ud83d\udfe3 <b> Funko POP! Star Wars Obi-Wan Kenobi<\/b> <\/p>\n<p>\u2705 <b>AHORA 9.99 \u20ac<\/b> \u2714\ufe0f\ud83d\udfe1<br \/>\n\u274c Antes 16.00 \u20ac \u20ac <\/p>\n<p>\ud83d\uded2: https:\/\/btz.es\/4VOHq40\ud83d\udfe2 <\/p>\n<p>Ofertacular.com<\/p>\n<p>Descubre el Funko POP! Star Wars: Obi-Wan Kenobi, una figura de vinilo coleccionable imprescindible para los amantes del universo Star Wars. Esta pieza exclusiva captura la esencia del ic\u00f3nico maestro Jedi, perfecta para exhibir y complementar tu colecci\u00f3n. Ideal para fans, coleccionistas y como regalo \u00fanico, este Funko POP! destaca por su detalle y autenticidad. Compra ahora y agrega un toque gal\u00e1ctico a tu espacio con esta figura oficial de alta calidad.<\/p>\n<\/div>\n","protected":false},"excerpt":{"rendered":"<p>\ud83d\udfea FUNKO OFERTA \ud83d\udfea #Publicidad #Amazon \ud83d\udfe3 Funko POP! Star Wars Obi-Wan Kenobi \u2705 AHORA 9.99 \u20ac \u2714\ufe0f\ud83d\udfe1 \u274c Antes 16.00 \u20ac \u20ac \ud83d\uded2: https:\/\/btz.es\/4VOHq40\ud83d\udfe2 Ofertacular.com Descubre el Funko POP! Star Wars: Obi-Wan Kenobi, una figura de vinilo coleccionable imprescindible para los amantes del universo Star Wars. Esta pieza exclusiva captura la esencia del ic\u00f3nico [&hellip;]<\/p>\n","protected":false},"featured_media":7464,"template":"","meta":{"_gspb_post_css":""},"store":[],"product_brand":[],"product_cat":[16],"product_tag":[],"class_list":{"0":"post-7465","1":"product","2":"type-product","3":"status-publish","4":"has-post-thumbnail","6":"product_cat-sin-categorizar","8":"first","9":"instock","10":"sale","11":"shipping-taxable","12":"product-type-external"},"jetpack_sharing_enabled":true,"_links":{"self":[{"href":"https:\/\/ofertacular.com\/index.php\/wp-json\/wp\/v2\/product\/7465","targetHints":{"allow":["GET"]}}],"collection":[{"href":"https:\/\/ofertacular.com\/index.php\/wp-json\/wp\/v2\/product"}],"about":[{"href":"https:\/\/ofertacular.com\/index.php\/wp-json\/wp\/v2\/types\/product"}],"wp:featuredmedia":[{"embeddable":true,"href":"https:\/\/ofertacular.com\/index.php\/wp-json\/wp\/v2\/media\/7464"}],"wp:attachment":[{"href":"https:\/\/ofertacular.com\/index.php\/wp-json\/wp\/v2\/media?parent=7465"}],"wp:term":[{"taxonomy":"store","embeddable":true,"href":"https:\/\/ofertacular.com\/index.php\/wp-json\/wp\/v2\/store?post=7465"},{"taxonomy":"product_brand","embeddable":true,"href":"https:\/\/ofertacular.com\/index.php\/wp-json\/wp\/v2\/product_brand?post=7465"},{"taxonomy":"product_cat","embeddable":true,"href":"https:\/\/ofertacular.com\/index.php\/wp-json\/wp\/v2\/product_cat?post=7465"},{"taxonomy":"product_tag","embeddable":true,"href":"https:\/\/ofertacular.com\/index.php\/wp-json\/wp\/v2\/product_tag?post=7465"}],"curies":[{"name":"wp","href":"https:\/\/api.w.org\/{rel}","templated":true}]}}