{"id":7508,"date":"2025-09-08T07:21:17","date_gmt":"2025-09-08T05:21:17","guid":{"rendered":"https:\/\/ofertacular.com\/index.php\/producto\/1005007636910049\/"},"modified":"2025-09-08T07:21:17","modified_gmt":"2025-09-08T05:21:17","slug":"1005007636910049","status":"publish","type":"product","link":"https:\/\/ofertacular.com\/index.php\/producto\/1005007636910049\/","title":{"rendered":"ANRAN Security"},"content":{"rendered":"<div class=\"oferta-container\">\n<p>\ud83d\udfe5 <b>UNA GANGA<\/b> \ud83d\udfe5 #Publicidad #Amazon #<\/p>\n<p>\ud83d\udd34 <b>Seguridad ANRAN <\/b><\/p>\n<p>\u2705 <b>AHORA 27.05\u20ac \u20ac<\/b> \u2714\ufe0f\ud83d\udfe1<\/p>\n<p>\u274c Antes 79.79 \u20ac<\/p>\n<p>\ud83d\uded2: <a href=\"https:\/\/btz.es\/4WloWzF\" target=\"_blank\" rel=\"nofollow noopener\">https:\/\/btz.es\/4WloWzF<\/a><\/p>\n<p>ANRAN es una marca l\u00edder en soluciones de seguridad para el hogar y la empresa, ofreciendo c\u00e1maras de vigilancia de alta calidad que garantizan la protecci\u00f3n y tranquilidad de sus usuarios. Sus productos est\u00e1n dise\u00f1ados con tecnolog\u00eda avanzada para monitorizar espacios de manera eficiente, con im\u00e1genes claras y funcionalidades innovadoras que facilitan la instalaci\u00f3n y el uso. Las c\u00e1maras ANRAN destacan por su durabilidad, visi\u00f3n nocturna, conexi\u00f3n remota y resistencia a condiciones exteriores, convirti\u00e9ndolas en la opci\u00f3n ideal para quienes buscan seguridad confiable. Adem\u00e1s, ANRAN proporciona sistemas completos de seguridad con grabaci\u00f3n de video, alertas en tiempo real y compatibilidad con dispositivos m\u00f3viles, permitiendo el control total desde cualquier lugar. Esta gama se adapta tanto a necesidades dom\u00e9sticas como profesionales, asegurando una vigilancia continua y efectiva. Si deseas proteger lo que m\u00e1s valoras, las c\u00e1maras de seguridad ANRAN combinan calidad, tecnolog\u00eda y precio competitivo, aportando una soluci\u00f3n integral para prevenci\u00f3n de robos, monitoreo de empleados o supervisi\u00f3n de propiedades. Con sus productos, la marca ANRAN sigue consolid\u00e1ndose como referente en el mercado de seguridad electr\u00f3nica, entreg\u00e1ndote la confianza y serenidad que necesitas para tu entorno.<\/p>\n<\/p><\/div>\n","protected":false},"excerpt":{"rendered":"<p>\ud83d\udfe5 UNA GANGA \ud83d\udfe5 #Publicidad #Amazon # \ud83d\udd34 Seguridad ANRAN \u2705 AHORA 27.05\u20ac \u20ac \u2714\ufe0f\ud83d\udfe1 \u274c Antes 79.79 \u20ac \ud83d\uded2: https:\/\/btz.es\/4WloWzF ANRAN es una marca l\u00edder en soluciones de seguridad para el hogar y la empresa, ofreciendo c\u00e1maras de vigilancia de alta calidad que garantizan la protecci\u00f3n y tranquilidad de sus usuarios. Sus productos est\u00e1n [&hellip;]<\/p>\n","protected":false},"featured_media":7507,"template":"","meta":{"_gspb_post_css":""},"store":[],"product_brand":[],"product_cat":[16],"product_tag":[],"class_list":{"0":"post-7508","1":"product","2":"type-product","3":"status-publish","4":"has-post-thumbnail","6":"product_cat-sin-categorizar","8":"first","9":"instock","10":"shipping-taxable","11":"product-type-external"},"jetpack_sharing_enabled":true,"_links":{"self":[{"href":"https:\/\/ofertacular.com\/index.php\/wp-json\/wp\/v2\/product\/7508","targetHints":{"allow":["GET"]}}],"collection":[{"href":"https:\/\/ofertacular.com\/index.php\/wp-json\/wp\/v2\/product"}],"about":[{"href":"https:\/\/ofertacular.com\/index.php\/wp-json\/wp\/v2\/types\/product"}],"wp:featuredmedia":[{"embeddable":true,"href":"https:\/\/ofertacular.com\/index.php\/wp-json\/wp\/v2\/media\/7507"}],"wp:attachment":[{"href":"https:\/\/ofertacular.com\/index.php\/wp-json\/wp\/v2\/media?parent=7508"}],"wp:term":[{"taxonomy":"store","embeddable":true,"href":"https:\/\/ofertacular.com\/index.php\/wp-json\/wp\/v2\/store?post=7508"},{"taxonomy":"product_brand","embeddable":true,"href":"https:\/\/ofertacular.com\/index.php\/wp-json\/wp\/v2\/product_brand?post=7508"},{"taxonomy":"product_cat","embeddable":true,"href":"https:\/\/ofertacular.com\/index.php\/wp-json\/wp\/v2\/product_cat?post=7508"},{"taxonomy":"product_tag","embeddable":true,"href":"https:\/\/ofertacular.com\/index.php\/wp-json\/wp\/v2\/product_tag?post=7508"}],"curies":[{"name":"wp","href":"https:\/\/api.w.org\/{rel}","templated":true}]}}