{"id":7578,"date":"2025-09-10T08:17:27","date_gmt":"2025-09-10T06:17:27","guid":{"rendered":"https:\/\/ofertacular.com\/index.php\/producto\/1005007880427920\/"},"modified":"2025-09-10T08:17:27","modified_gmt":"2025-09-10T06:17:27","slug":"1005007880427920","status":"publish","type":"product","link":"https:\/\/ofertacular.com\/index.php\/producto\/1005007880427920\/","title":{"rendered":"Skip Detergente L\u00edquido"},"content":{"rendered":"<div class=\"oferta-container\">\n<p>\ud83d\udfe5 <b>REBAJA<\/b> \ud83d\udfe5 #Publicidad #Amazon #<\/p>\n<p>\ud83d\udd34 <b>Detergente L\u00edquido Skip<\/b><\/p>\n<p>\u2705 <b>AHORA 19.14 \u20ac<\/b> \u2714\ufe0f\ud83d\udfe1<\/p>\n<p>\u274c Antes 33.00 \u20ac<\/p>\n<p>\ud83c\udf9f Cup\u00f3n MAE153<\/p>\n<p>\ud83d\uded2: <a href=\"https:\/\/btz.es\/4Wxkie8\" target=\"_blank\" rel=\"nofollow noopener\">https:\/\/btz.es\/4Wxkie8<\/a><\/p>\n<p>El Detergente L\u00edquido Skip ofrece una soluci\u00f3n integral para quienes buscan una limpieza profunda y efectiva en cada lavada. Con su f\u00f3rmula avanzada, Skip garantiza eliminar las manchas m\u00e1s dif\u00edciles, dejando tu ropa fresca y suave, adem\u00e1s de proteger las fibras con cada uso. Este detergente es perfecto para todo tipo de telas, desde las m\u00e1s delicadas hasta las m\u00e1s resistentes, asegurando que tus prendas mantengan su calidad y color por mucho m\u00e1s tiempo.<\/p>\n<p>Uno de los aspectos m\u00e1s destacados del Detergente L\u00edquido Skip es su capacidad para combatir olores, lo que lo convierte en una opci\u00f3n ideal para familias con ni\u00f1os activos y mascotas. Gracias a su formulaci\u00f3n concentrada, necesitar\u00e1s menos producto por lavado, lo que no solo resulta en un uso m\u00e1s eficiente, sino tambi\u00e9n en un ahorro a largo plazo.<\/p>\n<p>Adem\u00e1s, este detergente es f\u00e1cil de usar; simplemente vierte la cantidad recomendada en el compartimento de tu lavadora y deja que Skip haga el resto. Su solubilidad r\u00e1pida asegura que se mezcle bien con el agua, proporcionando una limpieza eficaz desde el primer ciclo. Tambi\u00e9n es importante mencionar que Skip es respetuoso con el medio ambiente, ya que sus ingredientes est\u00e1n dise\u00f1ados para ser biodegradables.<\/p>\n<p>Para aquellos que se preocupan por la calidad del agua, el Detergente L\u00edquido Skip tambi\u00e9n es una opci\u00f3n segura, ofreciendo una limpieza efectiva incluso en aguas duras. Esto significa que no tendr\u00e1s que preocuparte por el rendimiento de tu detergente, independientemente de la calidad del agua en tu zona.<\/p>\n<p>En resumen, el Detergente L\u00edquido Skip es el aliado perfecto para quienes buscan calidad y eficacia. Con su capacidad para eliminar manchas dif\u00edciles y combatir olores, adem\u00e1s de ser amigable con el medio ambiente, es una elecci\u00f3n que no te decepcionar\u00e1. Dale a tu ropa el cuidado que se merece y disfruta de resultados brillantes con Skip, el detergente que se preocupa por ti y por tu ropa. Si buscas un producto que combine efectividad, econom\u00eda y cuidado del medio ambiente, \u00a1no busques m\u00e1s! Elige Detergente L\u00edquido Skip y transforma tu experiencia de lavado.<\/p>\n<\/p><\/div>\n","protected":false},"excerpt":{"rendered":"<p>\ud83d\udfe5 REBAJA \ud83d\udfe5 #Publicidad #Amazon # \ud83d\udd34 Detergente L\u00edquido Skip \u2705 AHORA 19.14 \u20ac \u2714\ufe0f\ud83d\udfe1 \u274c Antes 33.00 \u20ac \ud83c\udf9f Cup\u00f3n MAE153 \ud83d\uded2: https:\/\/btz.es\/4Wxkie8 El Detergente L\u00edquido Skip ofrece una soluci\u00f3n integral para quienes buscan una limpieza profunda y efectiva en cada lavada. Con su f\u00f3rmula avanzada, Skip garantiza eliminar las manchas m\u00e1s dif\u00edciles, dejando [&hellip;]<\/p>\n","protected":false},"featured_media":7577,"template":"","meta":{"_gspb_post_css":""},"store":[],"product_brand":[],"product_cat":[16],"product_tag":[],"class_list":{"0":"post-7578","1":"product","2":"type-product","3":"status-publish","4":"has-post-thumbnail","6":"product_cat-sin-categorizar","8":"first","9":"instock","10":"sale","11":"shipping-taxable","12":"product-type-external"},"jetpack_sharing_enabled":true,"_links":{"self":[{"href":"https:\/\/ofertacular.com\/index.php\/wp-json\/wp\/v2\/product\/7578","targetHints":{"allow":["GET"]}}],"collection":[{"href":"https:\/\/ofertacular.com\/index.php\/wp-json\/wp\/v2\/product"}],"about":[{"href":"https:\/\/ofertacular.com\/index.php\/wp-json\/wp\/v2\/types\/product"}],"wp:featuredmedia":[{"embeddable":true,"href":"https:\/\/ofertacular.com\/index.php\/wp-json\/wp\/v2\/media\/7577"}],"wp:attachment":[{"href":"https:\/\/ofertacular.com\/index.php\/wp-json\/wp\/v2\/media?parent=7578"}],"wp:term":[{"taxonomy":"store","embeddable":true,"href":"https:\/\/ofertacular.com\/index.php\/wp-json\/wp\/v2\/store?post=7578"},{"taxonomy":"product_brand","embeddable":true,"href":"https:\/\/ofertacular.com\/index.php\/wp-json\/wp\/v2\/product_brand?post=7578"},{"taxonomy":"product_cat","embeddable":true,"href":"https:\/\/ofertacular.com\/index.php\/wp-json\/wp\/v2\/product_cat?post=7578"},{"taxonomy":"product_tag","embeddable":true,"href":"https:\/\/ofertacular.com\/index.php\/wp-json\/wp\/v2\/product_tag?post=7578"}],"curies":[{"name":"wp","href":"https:\/\/api.w.org\/{rel}","templated":true}]}}