{"id":7702,"date":"2025-09-13T07:38:55","date_gmt":"2025-09-13T05:38:55","guid":{"rendered":"https:\/\/ofertacular.com\/index.php\/producto\/varta-longlife-power\/"},"modified":"2025-09-13T07:38:55","modified_gmt":"2025-09-13T05:38:55","slug":"varta-longlife-power","status":"publish","type":"product","link":"https:\/\/ofertacular.com\/index.php\/producto\/varta-longlife-power\/","title":{"rendered":"Varta Longlife Power"},"content":{"rendered":"<div class=\"oferta-container\">\n<p>\ud83d\udfe5 <b>ES UN CHOLL\u00d3N<\/b> \ud83d\udfe5 #Publicidad #Amazon #16<\/p>\n<p>\ud83d\udd34 <b>Bater\u00eda Varta <\/b><\/p>\n<p>\u2705 <b>AHORA 4.11 \u20ac<\/b> \u2714\ufe0f\ud83d\udfe1<\/p>\n<p>\u274c Antes <\/p>\n<p>\ud83d\uded2: <a href=\"https:\/\/btz.es\/4WE8a7t\" target=\"_blank\" rel=\"nofollow noopener\">https:\/\/btz.es\/4WE8a7t<\/a><\/p>\n<p>Bater\u00eda Varta Longlife Power para dispositivos electr\u00f3nicos, dise\u00f1ada para ofrecer un rendimiento duradero y confiable en todas tus aplicaciones. Ideal para uso prolongado con alta capacidad de energ\u00eda, proporcionando una fuente estable y eficiente para tus necesidades diarias. Optimizada para una larga vida \u00fatil y resistente a condiciones adversas, Varta Longlife Power es la elecci\u00f3n preferida por consumidores exigentes que buscan calidad y rendimiento superior.<\/p>\n<\/p><\/div>\n","protected":false},"excerpt":{"rendered":"<p>\ud83d\udfe5 ES UN CHOLL\u00d3N \ud83d\udfe5 #Publicidad #Amazon #16 \ud83d\udd34 Bater\u00eda Varta \u2705 AHORA 4.11 \u20ac \u2714\ufe0f\ud83d\udfe1 \u274c Antes \ud83d\uded2: https:\/\/btz.es\/4WE8a7t Bater\u00eda Varta Longlife Power para dispositivos electr\u00f3nicos, dise\u00f1ada para ofrecer un rendimiento duradero y confiable en todas tus aplicaciones. Ideal para uso prolongado con alta capacidad de energ\u00eda, proporcionando una fuente estable y eficiente para [&hellip;]<\/p>\n","protected":false},"featured_media":7701,"template":"","meta":{"_gspb_post_css":""},"store":[],"product_brand":[],"product_cat":[16],"product_tag":[],"class_list":{"0":"post-7702","1":"product","2":"type-product","3":"status-publish","4":"has-post-thumbnail","6":"product_cat-sin-categorizar","8":"first","9":"instock","10":"shipping-taxable","11":"product-type-external"},"jetpack_sharing_enabled":true,"_links":{"self":[{"href":"https:\/\/ofertacular.com\/index.php\/wp-json\/wp\/v2\/product\/7702","targetHints":{"allow":["GET"]}}],"collection":[{"href":"https:\/\/ofertacular.com\/index.php\/wp-json\/wp\/v2\/product"}],"about":[{"href":"https:\/\/ofertacular.com\/index.php\/wp-json\/wp\/v2\/types\/product"}],"wp:featuredmedia":[{"embeddable":true,"href":"https:\/\/ofertacular.com\/index.php\/wp-json\/wp\/v2\/media\/7701"}],"wp:attachment":[{"href":"https:\/\/ofertacular.com\/index.php\/wp-json\/wp\/v2\/media?parent=7702"}],"wp:term":[{"taxonomy":"store","embeddable":true,"href":"https:\/\/ofertacular.com\/index.php\/wp-json\/wp\/v2\/store?post=7702"},{"taxonomy":"product_brand","embeddable":true,"href":"https:\/\/ofertacular.com\/index.php\/wp-json\/wp\/v2\/product_brand?post=7702"},{"taxonomy":"product_cat","embeddable":true,"href":"https:\/\/ofertacular.com\/index.php\/wp-json\/wp\/v2\/product_cat?post=7702"},{"taxonomy":"product_tag","embeddable":true,"href":"https:\/\/ofertacular.com\/index.php\/wp-json\/wp\/v2\/product_tag?post=7702"}],"curies":[{"name":"wp","href":"https:\/\/api.w.org\/{rel}","templated":true}]}}