{"id":7762,"date":"2025-09-16T09:55:57","date_gmt":"2025-09-16T07:55:57","guid":{"rendered":"https:\/\/ofertacular.com\/index.php\/producto\/lapiz-acuarelable\/"},"modified":"2025-09-16T09:55:57","modified_gmt":"2025-09-16T07:55:57","slug":"lapiz-acuarelable","status":"publish","type":"product","link":"https:\/\/ofertacular.com\/index.php\/producto\/lapiz-acuarelable\/","title":{"rendered":"L\u00e1piz acuarelable"},"content":{"rendered":"<div class=\"oferta-container\">\n<p>\ud83d\udfe5 <b>REBAJA<\/b> \ud83d\udfe5 #Publicidad #Amazon #16<\/p>\n<p>\ud83d\udd34 <b>L\u00e1piz Acuarelable <\/b><\/p>\n<p>\u2705 <b>AHORA 4.7 \u20ac<\/b> \u2714\ufe0f\ud83d\udfe1<\/p>\n<p>\u274c Antes 5.58 \u20ac<\/p>\n<p>\ud83d\uded2: <a href=\"https:\/\/btz.es\/4WWEflh\" target=\"_blank\" rel=\"nofollow noopener\">https:\/\/btz.es\/4WWEflh<\/a><\/p>\n<p>Descubre los L\u00e1pices Acuarelables de alta calidad, ideales para artistas y amantes del dibujo que buscan combinaci\u00f3n \u00fanica de l\u00e1piz y acuarela. Perfectos para ilustraciones detalladas y efectos de pintura acuarelada, estos l\u00e1pices profesionales ofrecen pigmentos intensos, resistencia y facilidad de mezcla. Transforma tus obras con colores vibrantes y duraderos, logrando acabados excepcionales que destacan en todas tus creaciones art\u00edsticas.<\/p>\n<\/p><\/div>\n","protected":false},"excerpt":{"rendered":"<p>\ud83d\udfe5 REBAJA \ud83d\udfe5 #Publicidad #Amazon #16 \ud83d\udd34 L\u00e1piz Acuarelable \u2705 AHORA 4.7 \u20ac \u2714\ufe0f\ud83d\udfe1 \u274c Antes 5.58 \u20ac \ud83d\uded2: https:\/\/btz.es\/4WWEflh Descubre los L\u00e1pices Acuarelables de alta calidad, ideales para artistas y amantes del dibujo que buscan combinaci\u00f3n \u00fanica de l\u00e1piz y acuarela. Perfectos para ilustraciones detalladas y efectos de pintura acuarelada, estos l\u00e1pices profesionales ofrecen [&hellip;]<\/p>\n","protected":false},"featured_media":7761,"template":"","meta":{"_gspb_post_css":""},"store":[],"product_brand":[],"product_cat":[16],"product_tag":[],"class_list":{"0":"post-7762","1":"product","2":"type-product","3":"status-publish","4":"has-post-thumbnail","6":"product_cat-sin-categorizar","8":"first","9":"instock","10":"sale","11":"shipping-taxable","12":"product-type-external"},"jetpack_sharing_enabled":true,"_links":{"self":[{"href":"https:\/\/ofertacular.com\/index.php\/wp-json\/wp\/v2\/product\/7762","targetHints":{"allow":["GET"]}}],"collection":[{"href":"https:\/\/ofertacular.com\/index.php\/wp-json\/wp\/v2\/product"}],"about":[{"href":"https:\/\/ofertacular.com\/index.php\/wp-json\/wp\/v2\/types\/product"}],"wp:featuredmedia":[{"embeddable":true,"href":"https:\/\/ofertacular.com\/index.php\/wp-json\/wp\/v2\/media\/7761"}],"wp:attachment":[{"href":"https:\/\/ofertacular.com\/index.php\/wp-json\/wp\/v2\/media?parent=7762"}],"wp:term":[{"taxonomy":"store","embeddable":true,"href":"https:\/\/ofertacular.com\/index.php\/wp-json\/wp\/v2\/store?post=7762"},{"taxonomy":"product_brand","embeddable":true,"href":"https:\/\/ofertacular.com\/index.php\/wp-json\/wp\/v2\/product_brand?post=7762"},{"taxonomy":"product_cat","embeddable":true,"href":"https:\/\/ofertacular.com\/index.php\/wp-json\/wp\/v2\/product_cat?post=7762"},{"taxonomy":"product_tag","embeddable":true,"href":"https:\/\/ofertacular.com\/index.php\/wp-json\/wp\/v2\/product_tag?post=7762"}],"curies":[{"name":"wp","href":"https:\/\/api.w.org\/{rel}","templated":true}]}}