{"id":7902,"date":"2025-09-22T11:44:20","date_gmt":"2025-09-22T09:44:20","guid":{"rendered":"https:\/\/ofertacular.com\/index.php\/producto\/nike-revolution-9\/"},"modified":"2025-09-22T11:44:20","modified_gmt":"2025-09-22T09:44:20","slug":"nike-revolution-9","status":"publish","type":"product","link":"https:\/\/ofertacular.com\/index.php\/producto\/nike-revolution-9\/","title":{"rendered":"NIKE Revolution"},"content":{"rendered":"<div class=\"oferta-container\">\n<p>\ud83d\udfe5 <b>\u00a1APROVECHA!<\/b> \ud83d\udfe5 #Publicidad #Amazon #16<\/p>\n<p>\ud83d\udd34 <b>Zapatillas Running <\/b><\/p>\n<p>\u2705 <b>AHORA 35.95 \u20ac<\/b> \u2714\ufe0f\ud83d\udfe1<\/p>\n<p>\u274c Antes 59.99 \u20ac<\/p>\n<p>\ud83d\uded2: <a href=\"https:\/\/btz.es\/4X6k61N\" target=\"_blank\" rel=\"nofollow noopener\">https:\/\/btz.es\/4X6k61N<\/a><\/p>\n<p>Descubre las Zapatillas Running NIKE Revolution, dise\u00f1adas para ofrecerte comodidad, rendimiento y estilo en cada paso. Ideales para corredores y amantes del deporte que buscan calidad y durabilidad. Su dise\u00f1o innovador y su tecnolog\u00eda avanzada aseguran un soporte \u00f3ptimo y m\u00e1xima amortiguaci\u00f3n, mejorando tu experiencia deportiva y facilitando tu entrenamiento diario.<\/p>\n<\/p><\/div>\n","protected":false},"excerpt":{"rendered":"<p>\ud83d\udfe5 \u00a1APROVECHA! \ud83d\udfe5 #Publicidad #Amazon #16 \ud83d\udd34 Zapatillas Running \u2705 AHORA 35.95 \u20ac \u2714\ufe0f\ud83d\udfe1 \u274c Antes 59.99 \u20ac \ud83d\uded2: https:\/\/btz.es\/4X6k61N Descubre las Zapatillas Running NIKE Revolution, dise\u00f1adas para ofrecerte comodidad, rendimiento y estilo en cada paso. Ideales para corredores y amantes del deporte que buscan calidad y durabilidad. Su dise\u00f1o innovador y su tecnolog\u00eda avanzada [&hellip;]<\/p>\n","protected":false},"featured_media":7901,"template":"","meta":{"_gspb_post_css":""},"store":[],"product_brand":[],"product_cat":[16],"product_tag":[],"class_list":{"0":"post-7902","1":"product","2":"type-product","3":"status-publish","4":"has-post-thumbnail","6":"product_cat-sin-categorizar","8":"first","9":"instock","10":"sale","11":"shipping-taxable","12":"product-type-external"},"jetpack_sharing_enabled":true,"_links":{"self":[{"href":"https:\/\/ofertacular.com\/index.php\/wp-json\/wp\/v2\/product\/7902","targetHints":{"allow":["GET"]}}],"collection":[{"href":"https:\/\/ofertacular.com\/index.php\/wp-json\/wp\/v2\/product"}],"about":[{"href":"https:\/\/ofertacular.com\/index.php\/wp-json\/wp\/v2\/types\/product"}],"wp:featuredmedia":[{"embeddable":true,"href":"https:\/\/ofertacular.com\/index.php\/wp-json\/wp\/v2\/media\/7901"}],"wp:attachment":[{"href":"https:\/\/ofertacular.com\/index.php\/wp-json\/wp\/v2\/media?parent=7902"}],"wp:term":[{"taxonomy":"store","embeddable":true,"href":"https:\/\/ofertacular.com\/index.php\/wp-json\/wp\/v2\/store?post=7902"},{"taxonomy":"product_brand","embeddable":true,"href":"https:\/\/ofertacular.com\/index.php\/wp-json\/wp\/v2\/product_brand?post=7902"},{"taxonomy":"product_cat","embeddable":true,"href":"https:\/\/ofertacular.com\/index.php\/wp-json\/wp\/v2\/product_cat?post=7902"},{"taxonomy":"product_tag","embeddable":true,"href":"https:\/\/ofertacular.com\/index.php\/wp-json\/wp\/v2\/product_tag?post=7902"}],"curies":[{"name":"wp","href":"https:\/\/api.w.org\/{rel}","templated":true}]}}