{"id":7930,"date":"2025-09-23T17:36:26","date_gmt":"2025-09-23T15:36:26","guid":{"rendered":"https:\/\/ofertacular.com\/index.php\/producto\/present-mic\/"},"modified":"2025-09-23T17:36:26","modified_gmt":"2025-09-23T15:36:26","slug":"present-mic","status":"publish","type":"product","link":"https:\/\/ofertacular.com\/index.php\/producto\/present-mic\/","title":{"rendered":"Present Mic"},"content":{"rendered":"<div class=\"oferta-container\">\ud83d\udfea <b>FUNKO OFERTA<\/b> \ud83d\udfea #Publicidad #Amazon\ud83d\udfe3 <b> Funko Marvel: Present Mic Funko Present Mic<\/b> \u2705 <b>AHORA 10.5 \u20ac<\/b> \u2714\ufe0f\ud83d\udfe1\u274c Antes 16.00 \u20ac \u20ac \ud83d\uded2: https:\/\/btz.es\/4XD1GJZ\ud83d\udfe2 Ofertacular.com<\/p>\n<p>Descubre el Funko Marvel Present Mic, una figura de vinilo que captura la esencia del emblem\u00e1tico personaje de la saga Marvel. Perfecto para fans y coleccionistas, este Funko Pop combina dise\u00f1o detallado con calidad excepcional, ideal para exhibici\u00f3n y regalos \u00fanicos. Aprovecha la oportunidad de a\u00f1adir a Present Mic a tu colecci\u00f3n y destaca con una pieza exclusiva que resalta en cualquier estanter\u00eda. Compra ahora y disfruta de un art\u00edculo oficial, perfecto para amantes de Marvel y figuras coleccionables que buscan autenticidad y estilo.<\/p>\n<\/div>\n","protected":false},"excerpt":{"rendered":"<p>\ud83d\udfea FUNKO OFERTA \ud83d\udfea #Publicidad #Amazon\ud83d\udfe3 Funko Marvel: Present Mic Funko Present Mic \u2705 AHORA 10.5 \u20ac \u2714\ufe0f\ud83d\udfe1\u274c Antes 16.00 \u20ac \u20ac \ud83d\uded2: https:\/\/btz.es\/4XD1GJZ\ud83d\udfe2 Ofertacular.com Descubre el Funko Marvel Present Mic, una figura de vinilo que captura la esencia del emblem\u00e1tico personaje de la saga Marvel. Perfecto para fans y coleccionistas, este Funko Pop combina [&hellip;]<\/p>\n","protected":false},"featured_media":7929,"template":"","meta":{"_gspb_post_css":""},"store":[],"product_brand":[],"product_cat":[16],"product_tag":[],"class_list":{"0":"post-7930","1":"product","2":"type-product","3":"status-publish","4":"has-post-thumbnail","6":"product_cat-sin-categorizar","8":"first","9":"instock","10":"sale","11":"shipping-taxable","12":"product-type-external"},"jetpack_sharing_enabled":true,"_links":{"self":[{"href":"https:\/\/ofertacular.com\/index.php\/wp-json\/wp\/v2\/product\/7930","targetHints":{"allow":["GET"]}}],"collection":[{"href":"https:\/\/ofertacular.com\/index.php\/wp-json\/wp\/v2\/product"}],"about":[{"href":"https:\/\/ofertacular.com\/index.php\/wp-json\/wp\/v2\/types\/product"}],"wp:featuredmedia":[{"embeddable":true,"href":"https:\/\/ofertacular.com\/index.php\/wp-json\/wp\/v2\/media\/7929"}],"wp:attachment":[{"href":"https:\/\/ofertacular.com\/index.php\/wp-json\/wp\/v2\/media?parent=7930"}],"wp:term":[{"taxonomy":"store","embeddable":true,"href":"https:\/\/ofertacular.com\/index.php\/wp-json\/wp\/v2\/store?post=7930"},{"taxonomy":"product_brand","embeddable":true,"href":"https:\/\/ofertacular.com\/index.php\/wp-json\/wp\/v2\/product_brand?post=7930"},{"taxonomy":"product_cat","embeddable":true,"href":"https:\/\/ofertacular.com\/index.php\/wp-json\/wp\/v2\/product_cat?post=7930"},{"taxonomy":"product_tag","embeddable":true,"href":"https:\/\/ofertacular.com\/index.php\/wp-json\/wp\/v2\/product_tag?post=7930"}],"curies":[{"name":"wp","href":"https:\/\/api.w.org\/{rel}","templated":true}]}}