{"id":7934,"date":"2025-09-23T17:39:43","date_gmt":"2025-09-23T15:39:43","guid":{"rendered":"https:\/\/ofertacular.com\/index.php\/producto\/boyband-stan\/"},"modified":"2025-09-23T17:39:43","modified_gmt":"2025-09-23T15:39:43","slug":"boyband-stan","status":"publish","type":"product","link":"https:\/\/ofertacular.com\/index.php\/producto\/boyband-stan\/","title":{"rendered":"Boyband Stan"},"content":{"rendered":"<div class=\"oferta-container\">\ud83d\udfea <b>FUNKAZO<\/b> \ud83d\udfea #Publicidad #Amazon\ud83d\udfe3 <b> Funko POP! Music Boyband Stan<\/b> \u2705 <b>AHORA 9.99 \u20ac<\/b> \u2714\ufe0f\ud83d\udfe1\u274c Antes 16.00 \u20ac \u20ac \ud83d\uded2: https:\/\/btz.es\/4XD25Zw\ud83d\udfe2 Ofertacular.com<\/p>\n<p>Descubre la exclusiva figura Funko POP! Music: Boyband Stan, una pieza imprescindible para coleccionistas y fans de la m\u00fasica pop. Esta figura de vinilo captura con detalle y estilo \u00fanico la esencia de un fan\u00e1tico apasionado, perfecta para exhibir en tu colecci\u00f3n personal o para regalar. Optimizada para resaltar en motores de b\u00fasqueda, esta figura es ideal para amantes de la cultura pop y coleccionables de edici\u00f3n limitada. No pierdas la oportunidad de destacar en tu colecci\u00f3n con este original Funko POP! Music Boyband Stan.<\/p>\n<\/div>\n","protected":false},"excerpt":{"rendered":"<p>\ud83d\udfea FUNKAZO \ud83d\udfea #Publicidad #Amazon\ud83d\udfe3 Funko POP! Music Boyband Stan \u2705 AHORA 9.99 \u20ac \u2714\ufe0f\ud83d\udfe1\u274c Antes 16.00 \u20ac \u20ac \ud83d\uded2: https:\/\/btz.es\/4XD25Zw\ud83d\udfe2 Ofertacular.com Descubre la exclusiva figura Funko POP! Music: Boyband Stan, una pieza imprescindible para coleccionistas y fans de la m\u00fasica pop. Esta figura de vinilo captura con detalle y estilo \u00fanico la esencia de [&hellip;]<\/p>\n","protected":false},"featured_media":7933,"template":"","meta":{"_gspb_post_css":""},"store":[],"product_brand":[],"product_cat":[16],"product_tag":[],"class_list":{"0":"post-7934","1":"product","2":"type-product","3":"status-publish","4":"has-post-thumbnail","6":"product_cat-sin-categorizar","8":"first","9":"instock","10":"sale","11":"shipping-taxable","12":"product-type-external"},"jetpack_sharing_enabled":true,"_links":{"self":[{"href":"https:\/\/ofertacular.com\/index.php\/wp-json\/wp\/v2\/product\/7934","targetHints":{"allow":["GET"]}}],"collection":[{"href":"https:\/\/ofertacular.com\/index.php\/wp-json\/wp\/v2\/product"}],"about":[{"href":"https:\/\/ofertacular.com\/index.php\/wp-json\/wp\/v2\/types\/product"}],"wp:featuredmedia":[{"embeddable":true,"href":"https:\/\/ofertacular.com\/index.php\/wp-json\/wp\/v2\/media\/7933"}],"wp:attachment":[{"href":"https:\/\/ofertacular.com\/index.php\/wp-json\/wp\/v2\/media?parent=7934"}],"wp:term":[{"taxonomy":"store","embeddable":true,"href":"https:\/\/ofertacular.com\/index.php\/wp-json\/wp\/v2\/store?post=7934"},{"taxonomy":"product_brand","embeddable":true,"href":"https:\/\/ofertacular.com\/index.php\/wp-json\/wp\/v2\/product_brand?post=7934"},{"taxonomy":"product_cat","embeddable":true,"href":"https:\/\/ofertacular.com\/index.php\/wp-json\/wp\/v2\/product_cat?post=7934"},{"taxonomy":"product_tag","embeddable":true,"href":"https:\/\/ofertacular.com\/index.php\/wp-json\/wp\/v2\/product_tag?post=7934"}],"curies":[{"name":"wp","href":"https:\/\/api.w.org\/{rel}","templated":true}]}}