{"id":7960,"date":"2025-09-26T07:42:26","date_gmt":"2025-09-26T05:42:26","guid":{"rendered":"https:\/\/ofertacular.com\/index.php\/producto\/adidas-shoes-14\/"},"modified":"2025-09-26T07:42:26","modified_gmt":"2025-09-26T05:42:26","slug":"adidas-shoes-14","status":"publish","type":"product","link":"https:\/\/ofertacular.com\/index.php\/producto\/adidas-shoes-14\/","title":{"rendered":"adidas Shoes"},"content":{"rendered":"<div class=\"oferta-container\">\n<p>\ud83d\udfe5 <b>REBAJA<\/b> \ud83d\udfe5 #Publicidad #Amazon #16<\/p>\n<p>\ud83d\udd34 <b>Zapatillas adidas <\/b><\/p>\n<p>\u2705 <b>AHORA 31.99 \u20ac<\/b> \u2714\ufe0f\ud83d\udfe1<\/p>\n<p>\u274c Antes 55.00 \u20ac<\/p>\n<p>\ud83d\uded2: <a href=\"https:\/\/btz.es\/4XS9Ixn\" target=\"_blank\" rel=\"nofollow noopener\">https:\/\/btz.es\/4XS9Ixn<\/a><\/p>\n<p>Descubre las Zapatillas adidas, el calzado perfecto para quienes buscan estilo y comodidad en cada paso. Ideal para actividades deportivas o para complementar tu outfit diario, estas zapatillas combinan dise\u00f1o innovador con tecnolog\u00eda de punta para ofrecerte la m\u00e1xima durabilidad y confort. Perfectas para hombres y mujeres que desean destacar con calidad y confianza. Encuentra tus zapatillas adidas y lleva tu rendimiento y estilo al siguiente nivel.<\/p>\n<\/p><\/div>\n","protected":false},"excerpt":{"rendered":"<p>\ud83d\udfe5 REBAJA \ud83d\udfe5 #Publicidad #Amazon #16 \ud83d\udd34 Zapatillas adidas \u2705 AHORA 31.99 \u20ac \u2714\ufe0f\ud83d\udfe1 \u274c Antes 55.00 \u20ac \ud83d\uded2: https:\/\/btz.es\/4XS9Ixn Descubre las Zapatillas adidas, el calzado perfecto para quienes buscan estilo y comodidad en cada paso. Ideal para actividades deportivas o para complementar tu outfit diario, estas zapatillas combinan dise\u00f1o innovador con tecnolog\u00eda de punta [&hellip;]<\/p>\n","protected":false},"featured_media":7959,"template":"","meta":{"_gspb_post_css":""},"store":[],"product_brand":[],"product_cat":[16],"product_tag":[],"class_list":{"0":"post-7960","1":"product","2":"type-product","3":"status-publish","4":"has-post-thumbnail","6":"product_cat-sin-categorizar","8":"first","9":"instock","10":"sale","11":"shipping-taxable","12":"product-type-external"},"jetpack_sharing_enabled":true,"_links":{"self":[{"href":"https:\/\/ofertacular.com\/index.php\/wp-json\/wp\/v2\/product\/7960","targetHints":{"allow":["GET"]}}],"collection":[{"href":"https:\/\/ofertacular.com\/index.php\/wp-json\/wp\/v2\/product"}],"about":[{"href":"https:\/\/ofertacular.com\/index.php\/wp-json\/wp\/v2\/types\/product"}],"wp:featuredmedia":[{"embeddable":true,"href":"https:\/\/ofertacular.com\/index.php\/wp-json\/wp\/v2\/media\/7959"}],"wp:attachment":[{"href":"https:\/\/ofertacular.com\/index.php\/wp-json\/wp\/v2\/media?parent=7960"}],"wp:term":[{"taxonomy":"store","embeddable":true,"href":"https:\/\/ofertacular.com\/index.php\/wp-json\/wp\/v2\/store?post=7960"},{"taxonomy":"product_brand","embeddable":true,"href":"https:\/\/ofertacular.com\/index.php\/wp-json\/wp\/v2\/product_brand?post=7960"},{"taxonomy":"product_cat","embeddable":true,"href":"https:\/\/ofertacular.com\/index.php\/wp-json\/wp\/v2\/product_cat?post=7960"},{"taxonomy":"product_tag","embeddable":true,"href":"https:\/\/ofertacular.com\/index.php\/wp-json\/wp\/v2\/product_tag?post=7960"}],"curies":[{"name":"wp","href":"https:\/\/api.w.org\/{rel}","templated":true}]}}