{"id":7962,"date":"2025-09-26T07:46:20","date_gmt":"2025-09-26T05:46:20","guid":{"rendered":"https:\/\/ofertacular.com\/index.php\/producto\/mesita-noche\/"},"modified":"2025-09-26T07:46:20","modified_gmt":"2025-09-26T05:46:20","slug":"mesita-noche","status":"publish","type":"product","link":"https:\/\/ofertacular.com\/index.php\/producto\/mesita-noche\/","title":{"rendered":"Mesita Noche"},"content":{"rendered":"<div class=\"oferta-container\">\n<p>\ud83d\udfe5 <b>\u00a1S\u00d3LO HOY!<\/b> \ud83d\udfe5 #Publicidad #Amazon #16<\/p>\n<p>\ud83d\udd34 <b>Mesita Noche <\/b><\/p>\n<p>\u2705 <b>AHORA 39.99 \u20ac<\/b> \u2714\ufe0f\ud83d\udfe1<\/p>\n<p>\u274c Antes 49.99 \u20ac<\/p>\n<p>\ud83d\uded2: <a href=\"https:\/\/btz.es\/4XSAHNJ\" target=\"_blank\" rel=\"nofollow noopener\">https:\/\/btz.es\/4XSAHNJ<\/a><\/p>\n<p>Mesita de noche elegante y funcional, perfecta para complementar la decoraci\u00f3n de tu dormitorio. Fabricada con materiales de alta calidad, ofrece durabilidad y un dise\u00f1o moderno que se adapta a cualquier estilo. Ideal para mantener a mano tus objetos personales y mejorar la organizaci\u00f3n del espacio. Optimizada para SEO con palabras clave relacionadas para asegurar una r\u00e1pida visibilidad y posicionamiento en buscadores.<\/p>\n<\/p><\/div>\n","protected":false},"excerpt":{"rendered":"<p>\ud83d\udfe5 \u00a1S\u00d3LO HOY! \ud83d\udfe5 #Publicidad #Amazon #16 \ud83d\udd34 Mesita Noche \u2705 AHORA 39.99 \u20ac \u2714\ufe0f\ud83d\udfe1 \u274c Antes 49.99 \u20ac \ud83d\uded2: https:\/\/btz.es\/4XSAHNJ Mesita de noche elegante y funcional, perfecta para complementar la decoraci\u00f3n de tu dormitorio. Fabricada con materiales de alta calidad, ofrece durabilidad y un dise\u00f1o moderno que se adapta a cualquier estilo. Ideal para [&hellip;]<\/p>\n","protected":false},"featured_media":7961,"template":"","meta":{"_gspb_post_css":""},"store":[],"product_brand":[],"product_cat":[16],"product_tag":[],"class_list":{"0":"post-7962","1":"product","2":"type-product","3":"status-publish","4":"has-post-thumbnail","6":"product_cat-sin-categorizar","8":"first","9":"instock","10":"sale","11":"shipping-taxable","12":"product-type-external"},"jetpack_sharing_enabled":true,"_links":{"self":[{"href":"https:\/\/ofertacular.com\/index.php\/wp-json\/wp\/v2\/product\/7962","targetHints":{"allow":["GET"]}}],"collection":[{"href":"https:\/\/ofertacular.com\/index.php\/wp-json\/wp\/v2\/product"}],"about":[{"href":"https:\/\/ofertacular.com\/index.php\/wp-json\/wp\/v2\/types\/product"}],"wp:featuredmedia":[{"embeddable":true,"href":"https:\/\/ofertacular.com\/index.php\/wp-json\/wp\/v2\/media\/7961"}],"wp:attachment":[{"href":"https:\/\/ofertacular.com\/index.php\/wp-json\/wp\/v2\/media?parent=7962"}],"wp:term":[{"taxonomy":"store","embeddable":true,"href":"https:\/\/ofertacular.com\/index.php\/wp-json\/wp\/v2\/store?post=7962"},{"taxonomy":"product_brand","embeddable":true,"href":"https:\/\/ofertacular.com\/index.php\/wp-json\/wp\/v2\/product_brand?post=7962"},{"taxonomy":"product_cat","embeddable":true,"href":"https:\/\/ofertacular.com\/index.php\/wp-json\/wp\/v2\/product_cat?post=7962"},{"taxonomy":"product_tag","embeddable":true,"href":"https:\/\/ofertacular.com\/index.php\/wp-json\/wp\/v2\/product_tag?post=7962"}],"curies":[{"name":"wp","href":"https:\/\/api.w.org\/{rel}","templated":true}]}}