{"id":8022,"date":"2025-09-29T07:50:46","date_gmt":"2025-09-29T05:50:46","guid":{"rendered":"https:\/\/ofertacular.com\/index.php\/producto\/cecotec-batidora-2\/"},"modified":"2025-09-29T07:50:46","modified_gmt":"2025-09-29T05:50:46","slug":"cecotec-batidora-2","status":"publish","type":"product","link":"https:\/\/ofertacular.com\/index.php\/producto\/cecotec-batidora-2\/","title":{"rendered":"Cecotec Batidora"},"content":{"rendered":"<div class=\"oferta-container\">\n<p>\ud83d\udfe5 <b>AHORRA AQU\u00cd<\/b> \ud83d\udfe5 #Publicidad #Amazon #16<\/p>\n<p>\ud83d\udd34 <b>Batidora Cecotec <\/b><\/p>\n<p>\u2705 <b>AHORA 27.9 \u20ac<\/b> \u2714\ufe0f\ud83d\udfe1<\/p>\n<p>\u274c Antes 28.90 \u20ac<\/p>\n<p>\ud83d\uded2: <a href=\"https:\/\/btz.es\/4YkjyJX\" target=\"_blank\" rel=\"nofollow noopener\">https:\/\/btz.es\/4YkjyJX<\/a><\/p>\n<p>Descubre la potencia y versatilidad de la Batidora Cecotec, dise\u00f1ada para ofrecerte resultados profesionales en tu cocina. Con tecnolog\u00eda avanzada y materiales de alta calidad, esta batidora es ideal para preparar todo tipo de recetas, desde batidos hasta masas. Su dise\u00f1o ergon\u00f3mico y f\u00e1cil limpieza la convierten en el electrodom\u00e9stico imprescindible para tu hogar. Optimizada para un rendimiento \u00f3ptimo, la Batidora Cecotec garantiza rapidez y eficiencia en cada uso, posicion\u00e1ndote como el mejor chef en casa.<\/p>\n<\/p><\/div>\n","protected":false},"excerpt":{"rendered":"<p>\ud83d\udfe5 AHORRA AQU\u00cd \ud83d\udfe5 #Publicidad #Amazon #16 \ud83d\udd34 Batidora Cecotec \u2705 AHORA 27.9 \u20ac \u2714\ufe0f\ud83d\udfe1 \u274c Antes 28.90 \u20ac \ud83d\uded2: https:\/\/btz.es\/4YkjyJX Descubre la potencia y versatilidad de la Batidora Cecotec, dise\u00f1ada para ofrecerte resultados profesionales en tu cocina. Con tecnolog\u00eda avanzada y materiales de alta calidad, esta batidora es ideal para preparar todo tipo de [&hellip;]<\/p>\n","protected":false},"featured_media":8021,"template":"","meta":{"_gspb_post_css":""},"store":[],"product_brand":[],"product_cat":[16],"product_tag":[],"class_list":{"0":"post-8022","1":"product","2":"type-product","3":"status-publish","4":"has-post-thumbnail","6":"product_cat-sin-categorizar","8":"first","9":"instock","10":"sale","11":"shipping-taxable","12":"product-type-external"},"jetpack_sharing_enabled":true,"_links":{"self":[{"href":"https:\/\/ofertacular.com\/index.php\/wp-json\/wp\/v2\/product\/8022","targetHints":{"allow":["GET"]}}],"collection":[{"href":"https:\/\/ofertacular.com\/index.php\/wp-json\/wp\/v2\/product"}],"about":[{"href":"https:\/\/ofertacular.com\/index.php\/wp-json\/wp\/v2\/types\/product"}],"wp:featuredmedia":[{"embeddable":true,"href":"https:\/\/ofertacular.com\/index.php\/wp-json\/wp\/v2\/media\/8021"}],"wp:attachment":[{"href":"https:\/\/ofertacular.com\/index.php\/wp-json\/wp\/v2\/media?parent=8022"}],"wp:term":[{"taxonomy":"store","embeddable":true,"href":"https:\/\/ofertacular.com\/index.php\/wp-json\/wp\/v2\/store?post=8022"},{"taxonomy":"product_brand","embeddable":true,"href":"https:\/\/ofertacular.com\/index.php\/wp-json\/wp\/v2\/product_brand?post=8022"},{"taxonomy":"product_cat","embeddable":true,"href":"https:\/\/ofertacular.com\/index.php\/wp-json\/wp\/v2\/product_cat?post=8022"},{"taxonomy":"product_tag","embeddable":true,"href":"https:\/\/ofertacular.com\/index.php\/wp-json\/wp\/v2\/product_tag?post=8022"}],"curies":[{"name":"wp","href":"https:\/\/api.w.org\/{rel}","templated":true}]}}