{"id":8052,"date":"2025-09-30T08:34:28","date_gmt":"2025-09-30T06:34:28","guid":{"rendered":"https:\/\/ofertacular.com\/index.php\/producto\/1005008784799003\/"},"modified":"2025-09-30T08:34:28","modified_gmt":"2025-09-30T06:34:28","slug":"1005008784799003","status":"publish","type":"product","link":"https:\/\/ofertacular.com\/index.php\/producto\/1005008784799003\/","title":{"rendered":"Zeblaze Btalk"},"content":{"rendered":"<div class=\"oferta-container\">\n<p>\ud83d\udfe5 <b>\u00a1GANGAZO!<\/b> \ud83d\udfe5 #Publicidad #Amazon #<\/p>\n<p>\ud83d\udd34 <b>Smartwatch Zeblaze <\/b><\/p>\n<p>\u2705 <b>AHORA 12.15\u20ac \u20ac<\/b> \u2714\ufe0f\ud83d\udfe1<\/p>\n<p>\u274c Antes 32.23 \u20ac<\/p>\n<p>\ud83d\uded2: <a href=\"https:\/\/btz.es\/4YqkVvD\" target=\"_blank\" rel=\"nofollow noopener\">https:\/\/btz.es\/4YqkVvD<\/a><\/p>\n<p>Descubre el Zeblaze Btalk, un smartwatch innovador dise\u00f1ado para ofrecer una experiencia tecnol\u00f3gica avanzada y una funcionalidad excepcional. Este reloj inteligente combina un dise\u00f1o moderno con caracter\u00edsticas de \u00faltima generaci\u00f3n, ideal para quienes buscan un dispositivo vers\u00e1til para monitorear su salud, gestionar sus comunicaciones y mejorar su estilo de vida. Con el Zeblaze Btalk podr\u00e1s disfrutar de seguimiento de actividad f\u00edsica, monitoreo del ritmo card\u00edaco, notificaciones en tiempo real y una bater\u00eda de larga duraci\u00f3n. Su pantalla n\u00edtida y su interfaz intuitiva hacen que su uso diario sea c\u00f3modo y eficiente. Adem\u00e1s, su compatibilidad con dispositivos Android e iOS permite sincronizar tus datos y mantenerte conectado en todo momento. Este smartwatch es perfecto para deportistas, profesionales y amantes de la tecnolog\u00eda que desean un accesorio funcional y elegante. La resistencia al agua y al polvo asegura su durabilidad en diversas condiciones, mientras que sus m\u00faltiples modos deportivos facilitan el seguimiento de tus entrenamientos. Invierte en el Zeblaze Btalk y transforma tu rutina diaria con un dispositivo que combina estilo, tecnolog\u00eda y practicidad en un solo producto.<\/p>\n<\/p><\/div>\n","protected":false},"excerpt":{"rendered":"<p>\ud83d\udfe5 \u00a1GANGAZO! \ud83d\udfe5 #Publicidad #Amazon # \ud83d\udd34 Smartwatch Zeblaze \u2705 AHORA 12.15\u20ac \u20ac \u2714\ufe0f\ud83d\udfe1 \u274c Antes 32.23 \u20ac \ud83d\uded2: https:\/\/btz.es\/4YqkVvD Descubre el Zeblaze Btalk, un smartwatch innovador dise\u00f1ado para ofrecer una experiencia tecnol\u00f3gica avanzada y una funcionalidad excepcional. Este reloj inteligente combina un dise\u00f1o moderno con caracter\u00edsticas de \u00faltima generaci\u00f3n, ideal para quienes buscan un [&hellip;]<\/p>\n","protected":false},"featured_media":8051,"template":"","meta":{"_gspb_post_css":""},"store":[],"product_brand":[],"product_cat":[16],"product_tag":[],"class_list":{"0":"post-8052","1":"product","2":"type-product","3":"status-publish","4":"has-post-thumbnail","6":"product_cat-sin-categorizar","8":"first","9":"instock","10":"shipping-taxable","11":"product-type-external"},"jetpack_sharing_enabled":true,"_links":{"self":[{"href":"https:\/\/ofertacular.com\/index.php\/wp-json\/wp\/v2\/product\/8052","targetHints":{"allow":["GET"]}}],"collection":[{"href":"https:\/\/ofertacular.com\/index.php\/wp-json\/wp\/v2\/product"}],"about":[{"href":"https:\/\/ofertacular.com\/index.php\/wp-json\/wp\/v2\/types\/product"}],"wp:featuredmedia":[{"embeddable":true,"href":"https:\/\/ofertacular.com\/index.php\/wp-json\/wp\/v2\/media\/8051"}],"wp:attachment":[{"href":"https:\/\/ofertacular.com\/index.php\/wp-json\/wp\/v2\/media?parent=8052"}],"wp:term":[{"taxonomy":"store","embeddable":true,"href":"https:\/\/ofertacular.com\/index.php\/wp-json\/wp\/v2\/store?post=8052"},{"taxonomy":"product_brand","embeddable":true,"href":"https:\/\/ofertacular.com\/index.php\/wp-json\/wp\/v2\/product_brand?post=8052"},{"taxonomy":"product_cat","embeddable":true,"href":"https:\/\/ofertacular.com\/index.php\/wp-json\/wp\/v2\/product_cat?post=8052"},{"taxonomy":"product_tag","embeddable":true,"href":"https:\/\/ofertacular.com\/index.php\/wp-json\/wp\/v2\/product_tag?post=8052"}],"curies":[{"name":"wp","href":"https:\/\/api.w.org\/{rel}","templated":true}]}}