{"id":8108,"date":"2025-10-01T11:57:15","date_gmt":"2025-10-01T09:57:15","guid":{"rendered":"https:\/\/ofertacular.com\/index.php\/producto\/mochila-grande\/"},"modified":"2025-10-01T11:57:15","modified_gmt":"2025-10-01T09:57:15","slug":"mochila-grande","status":"publish","type":"product","link":"https:\/\/ofertacular.com\/index.php\/producto\/mochila-grande\/","title":{"rendered":"Mochila Grande"},"content":{"rendered":"<div class=\"oferta-container\">\n<p>\ud83d\udfe5 <b>EXCLUSIVO<\/b> \ud83d\udfe5 #Publicidad #Amazon #16<\/p>\n<p>\ud83d\udd34 <b>Mochila Grande <\/b><\/p>\n<p>\u2705 <b>AHORA 18.31 \u20ac<\/b> \u2714\ufe0f\ud83d\udfe1<\/p>\n<p>\u274c Antes 34.90 \u20ac<\/p>\n<p>\ud83d\uded2: <a href=\"https:\/\/btz.es\/4YwQ5ou\" target=\"_blank\" rel=\"nofollow noopener\">https:\/\/btz.es\/4YwQ5ou<\/a><\/p>\n<p>Descubre nuestra mochila grande dise\u00f1ada para ofrecer m\u00e1xima capacidad y comodidad en cada aventura. Perfecta para estudiantes, viajeros y profesionales que necesitan espacio y funcionalidad. Fabricada con materiales resistentes y estilos modernos, esta mochila es tu compa\u00f1era ideal para transportar todo lo que necesites con estilo y seguridad. Optimizada para un uso vers\u00e1til y duradero, es la elecci\u00f3n perfecta para quienes valoran calidad y dise\u00f1o.<\/p>\n<\/p><\/div>\n","protected":false},"excerpt":{"rendered":"<p>\ud83d\udfe5 EXCLUSIVO \ud83d\udfe5 #Publicidad #Amazon #16 \ud83d\udd34 Mochila Grande \u2705 AHORA 18.31 \u20ac \u2714\ufe0f\ud83d\udfe1 \u274c Antes 34.90 \u20ac \ud83d\uded2: https:\/\/btz.es\/4YwQ5ou Descubre nuestra mochila grande dise\u00f1ada para ofrecer m\u00e1xima capacidad y comodidad en cada aventura. Perfecta para estudiantes, viajeros y profesionales que necesitan espacio y funcionalidad. Fabricada con materiales resistentes y estilos modernos, esta mochila es [&hellip;]<\/p>\n","protected":false},"featured_media":8107,"template":"","meta":{"_gspb_post_css":""},"store":[],"product_brand":[],"product_cat":[16],"product_tag":[],"class_list":{"0":"post-8108","1":"product","2":"type-product","3":"status-publish","4":"has-post-thumbnail","6":"product_cat-sin-categorizar","8":"first","9":"instock","10":"sale","11":"shipping-taxable","12":"product-type-external"},"jetpack_sharing_enabled":true,"_links":{"self":[{"href":"https:\/\/ofertacular.com\/index.php\/wp-json\/wp\/v2\/product\/8108","targetHints":{"allow":["GET"]}}],"collection":[{"href":"https:\/\/ofertacular.com\/index.php\/wp-json\/wp\/v2\/product"}],"about":[{"href":"https:\/\/ofertacular.com\/index.php\/wp-json\/wp\/v2\/types\/product"}],"wp:featuredmedia":[{"embeddable":true,"href":"https:\/\/ofertacular.com\/index.php\/wp-json\/wp\/v2\/media\/8107"}],"wp:attachment":[{"href":"https:\/\/ofertacular.com\/index.php\/wp-json\/wp\/v2\/media?parent=8108"}],"wp:term":[{"taxonomy":"store","embeddable":true,"href":"https:\/\/ofertacular.com\/index.php\/wp-json\/wp\/v2\/store?post=8108"},{"taxonomy":"product_brand","embeddable":true,"href":"https:\/\/ofertacular.com\/index.php\/wp-json\/wp\/v2\/product_brand?post=8108"},{"taxonomy":"product_cat","embeddable":true,"href":"https:\/\/ofertacular.com\/index.php\/wp-json\/wp\/v2\/product_cat?post=8108"},{"taxonomy":"product_tag","embeddable":true,"href":"https:\/\/ofertacular.com\/index.php\/wp-json\/wp\/v2\/product_tag?post=8108"}],"curies":[{"name":"wp","href":"https:\/\/api.w.org\/{rel}","templated":true}]}}