{"id":8138,"date":"2025-10-02T10:09:15","date_gmt":"2025-10-02T08:09:15","guid":{"rendered":"https:\/\/ofertacular.com\/index.php\/producto\/colchon-viscoelastico-4\/"},"modified":"2025-10-02T10:09:15","modified_gmt":"2025-10-02T08:09:15","slug":"colchon-viscoelastico-4","status":"publish","type":"product","link":"https:\/\/ofertacular.com\/index.php\/producto\/colchon-viscoelastico-4\/","title":{"rendered":"Colch\u00f3n Viscoel\u00e1stico"},"content":{"rendered":"<div class=\"oferta-container\">\n<p>\ud83d\udfe5 <b>\u00a1GANGAZO!<\/b> \ud83d\udfe5 #Publicidad #Amazon #16<\/p>\n<p>\ud83d\udd34 <b>Colch\u00f3n Viscoel\u00e1stico <\/b><\/p>\n<p>\u2705 <b>AHORA 90.99 \u20ac<\/b> \u2714\ufe0f\ud83d\udfe1<\/p>\n<p>\u274c Antes 107.99 \u20ac<\/p>\n<p>\ud83d\uded2: <a href=\"https:\/\/btz.es\/4Y2pQlC\" target=\"_blank\" rel=\"nofollow noopener\">https:\/\/btz.es\/4Y2pQlC<\/a><\/p>\n<p>Descubre el m\u00e1ximo confort y soporte ergon\u00f3mico con nuestro colch\u00f3n viscoel\u00e1stico de alta calidad. Dise\u00f1ado para adaptarse a la forma de tu cuerpo, este colch\u00f3n ofrece alivio \u00f3ptimo de presi\u00f3n y mejora la calidad del sue\u00f1o. Ideal para quienes buscan descanso reparador y salud postural, su material viscoel\u00e1stico garantiza durabilidad y una experiencia de descanso inigualable. Perfecto para crear un ambiente de sue\u00f1o saludable y confortable en cualquier dormitorio.<\/p>\n<\/p><\/div>\n","protected":false},"excerpt":{"rendered":"<p>\ud83d\udfe5 \u00a1GANGAZO! \ud83d\udfe5 #Publicidad #Amazon #16 \ud83d\udd34 Colch\u00f3n Viscoel\u00e1stico \u2705 AHORA 90.99 \u20ac \u2714\ufe0f\ud83d\udfe1 \u274c Antes 107.99 \u20ac \ud83d\uded2: https:\/\/btz.es\/4Y2pQlC Descubre el m\u00e1ximo confort y soporte ergon\u00f3mico con nuestro colch\u00f3n viscoel\u00e1stico de alta calidad. Dise\u00f1ado para adaptarse a la forma de tu cuerpo, este colch\u00f3n ofrece alivio \u00f3ptimo de presi\u00f3n y mejora la calidad del [&hellip;]<\/p>\n","protected":false},"featured_media":8137,"template":"","meta":{"_gspb_post_css":""},"store":[],"product_brand":[],"product_cat":[16],"product_tag":[],"class_list":{"0":"post-8138","1":"product","2":"type-product","3":"status-publish","4":"has-post-thumbnail","6":"product_cat-sin-categorizar","8":"first","9":"instock","10":"sale","11":"shipping-taxable","12":"product-type-external"},"jetpack_sharing_enabled":true,"_links":{"self":[{"href":"https:\/\/ofertacular.com\/index.php\/wp-json\/wp\/v2\/product\/8138","targetHints":{"allow":["GET"]}}],"collection":[{"href":"https:\/\/ofertacular.com\/index.php\/wp-json\/wp\/v2\/product"}],"about":[{"href":"https:\/\/ofertacular.com\/index.php\/wp-json\/wp\/v2\/types\/product"}],"wp:featuredmedia":[{"embeddable":true,"href":"https:\/\/ofertacular.com\/index.php\/wp-json\/wp\/v2\/media\/8137"}],"wp:attachment":[{"href":"https:\/\/ofertacular.com\/index.php\/wp-json\/wp\/v2\/media?parent=8138"}],"wp:term":[{"taxonomy":"store","embeddable":true,"href":"https:\/\/ofertacular.com\/index.php\/wp-json\/wp\/v2\/store?post=8138"},{"taxonomy":"product_brand","embeddable":true,"href":"https:\/\/ofertacular.com\/index.php\/wp-json\/wp\/v2\/product_brand?post=8138"},{"taxonomy":"product_cat","embeddable":true,"href":"https:\/\/ofertacular.com\/index.php\/wp-json\/wp\/v2\/product_cat?post=8138"},{"taxonomy":"product_tag","embeddable":true,"href":"https:\/\/ofertacular.com\/index.php\/wp-json\/wp\/v2\/product_tag?post=8138"}],"curies":[{"name":"wp","href":"https:\/\/api.w.org\/{rel}","templated":true}]}}