{"id":8201,"date":"2025-10-07T00:04:43","date_gmt":"2025-10-06T22:04:43","guid":{"rendered":"https:\/\/ofertacular.com\/index.php\/producto\/powerball-quantum\/"},"modified":"2025-10-07T00:04:43","modified_gmt":"2025-10-06T22:04:43","slug":"powerball-quantum","status":"publish","type":"product","link":"https:\/\/ofertacular.com\/index.php\/producto\/powerball-quantum\/","title":{"rendered":"Powerball Quantum"},"content":{"rendered":"<div class=\"oferta-container\">\n<p>\ud83d\udfe5 <b>UNA GANGA<\/b> \ud83d\udfe5 #Publicidad #Amazon #16<\/p>\n<p>\ud83d\udd34 <b>Powerball <\/b><\/p>\n<p>\u2705 <b>AHORA 23.99 \u20ac<\/b> \u2714\ufe0f\ud83d\udfe1<\/p>\n<p>\u274c Antes 42.99 \u20ac<\/p>\n<p>\ud83d\uded2: <a href=\"https:\/\/btz.es\/4YTcqNT\" target=\"_blank\" rel=\"nofollow noopener\">https:\/\/btz.es\/4YTcqNT<\/a><\/p>\n<p>Experimenta la potencia y eficiencia del Powerball Quantum, el giroscopio de mano l\u00edder dise\u00f1ado para fortalecer tus mu\u00f1ecas, mejorar la coordinaci\u00f3n y aumentar la resistencia. Perfecto para atletas, m\u00fasicos y rehabilitaci\u00f3n, este dispositivo innovador utiliza tecnolog\u00eda de \u00faltima generaci\u00f3n para ofrecer una experiencia \u00fanica de entrenamiento din\u00e1mico. Optimiza tu rutina con Powerball Quantum y potencia tu rendimiento al m\u00e1ximo nivel.<\/p>\n<\/p><\/div>\n","protected":false},"excerpt":{"rendered":"<p>\ud83d\udfe5 UNA GANGA \ud83d\udfe5 #Publicidad #Amazon #16 \ud83d\udd34 Powerball \u2705 AHORA 23.99 \u20ac \u2714\ufe0f\ud83d\udfe1 \u274c Antes 42.99 \u20ac \ud83d\uded2: https:\/\/btz.es\/4YTcqNT Experimenta la potencia y eficiencia del Powerball Quantum, el giroscopio de mano l\u00edder dise\u00f1ado para fortalecer tus mu\u00f1ecas, mejorar la coordinaci\u00f3n y aumentar la resistencia. Perfecto para atletas, m\u00fasicos y rehabilitaci\u00f3n, este dispositivo innovador utiliza [&hellip;]<\/p>\n","protected":false},"featured_media":8200,"template":"","meta":{"_gspb_post_css":""},"store":[],"product_brand":[],"product_cat":[16],"product_tag":[],"class_list":{"0":"post-8201","1":"product","2":"type-product","3":"status-publish","4":"has-post-thumbnail","6":"product_cat-sin-categorizar","8":"first","9":"instock","10":"sale","11":"shipping-taxable","12":"product-type-external"},"jetpack_sharing_enabled":true,"_links":{"self":[{"href":"https:\/\/ofertacular.com\/index.php\/wp-json\/wp\/v2\/product\/8201","targetHints":{"allow":["GET"]}}],"collection":[{"href":"https:\/\/ofertacular.com\/index.php\/wp-json\/wp\/v2\/product"}],"about":[{"href":"https:\/\/ofertacular.com\/index.php\/wp-json\/wp\/v2\/types\/product"}],"wp:featuredmedia":[{"embeddable":true,"href":"https:\/\/ofertacular.com\/index.php\/wp-json\/wp\/v2\/media\/8200"}],"wp:attachment":[{"href":"https:\/\/ofertacular.com\/index.php\/wp-json\/wp\/v2\/media?parent=8201"}],"wp:term":[{"taxonomy":"store","embeddable":true,"href":"https:\/\/ofertacular.com\/index.php\/wp-json\/wp\/v2\/store?post=8201"},{"taxonomy":"product_brand","embeddable":true,"href":"https:\/\/ofertacular.com\/index.php\/wp-json\/wp\/v2\/product_brand?post=8201"},{"taxonomy":"product_cat","embeddable":true,"href":"https:\/\/ofertacular.com\/index.php\/wp-json\/wp\/v2\/product_cat?post=8201"},{"taxonomy":"product_tag","embeddable":true,"href":"https:\/\/ofertacular.com\/index.php\/wp-json\/wp\/v2\/product_tag?post=8201"}],"curies":[{"name":"wp","href":"https:\/\/api.w.org\/{rel}","templated":true}]}}