{"id":8377,"date":"2025-10-13T10:39:28","date_gmt":"2025-10-13T08:39:28","guid":{"rendered":"https:\/\/ofertacular.com\/index.php\/producto\/lor-barista\/"},"modified":"2025-10-13T10:39:28","modified_gmt":"2025-10-13T08:39:28","slug":"lor-barista","status":"publish","type":"product","link":"https:\/\/ofertacular.com\/index.php\/producto\/lor-barista\/","title":{"rendered":"L&#8217;Or Barista"},"content":{"rendered":"<div class=\"oferta-container\">\n<p>\ud83d\udfe5 <b>DATE PRISA<\/b> \ud83d\udfe5 #Publicidad #Amazon #16<\/p>\n<p>\ud83d\udd34 <b>Caf\u00e9 Barista <\/b><\/p>\n<p>\u2705 <b>AHORA 55.86 \u20ac<\/b> \u2714\ufe0f\ud83d\udfe1<\/p>\n<p>\u274c Antes 69.00 \u20ac<\/p>\n<p>\ud83d\uded2: <a href=\"https:\/\/btz.es\/4Z4HohX\" target=\"_blank\" rel=\"nofollow noopener\">https:\/\/btz.es\/4Z4HohX<\/a><\/p>\n<p>Disfruta del sabor aut\u00e9ntico y la calidad premium de L&#8217;Or Barista, el caf\u00e9 tostado con precisi\u00f3n para una experiencia de barista en casa. Perfecto para amantes del caf\u00e9 que buscan intensidad, aroma y una crema excepcional en cada taza. L&#8217;Or Barista combina tradici\u00f3n y excelencia para ofrecer un caf\u00e9 irresistible, ideal para comenzar tu d\u00eda o disfrutar en cualquier momento. Optimizado para amantes del caf\u00e9 que buscan calidad y sabor excepcional.<\/p>\n<\/p><\/div>\n","protected":false},"excerpt":{"rendered":"<p>\ud83d\udfe5 DATE PRISA \ud83d\udfe5 #Publicidad #Amazon #16 \ud83d\udd34 Caf\u00e9 Barista \u2705 AHORA 55.86 \u20ac \u2714\ufe0f\ud83d\udfe1 \u274c Antes 69.00 \u20ac \ud83d\uded2: https:\/\/btz.es\/4Z4HohX Disfruta del sabor aut\u00e9ntico y la calidad premium de L&#8217;Or Barista, el caf\u00e9 tostado con precisi\u00f3n para una experiencia de barista en casa. Perfecto para amantes del caf\u00e9 que buscan intensidad, aroma y una [&hellip;]<\/p>\n","protected":false},"featured_media":8376,"template":"","meta":{"_gspb_post_css":""},"store":[],"product_brand":[],"product_cat":[16],"product_tag":[],"class_list":{"0":"post-8377","1":"product","2":"type-product","3":"status-publish","4":"has-post-thumbnail","6":"product_cat-sin-categorizar","8":"first","9":"instock","10":"sale","11":"shipping-taxable","12":"product-type-external"},"jetpack_sharing_enabled":true,"_links":{"self":[{"href":"https:\/\/ofertacular.com\/index.php\/wp-json\/wp\/v2\/product\/8377","targetHints":{"allow":["GET"]}}],"collection":[{"href":"https:\/\/ofertacular.com\/index.php\/wp-json\/wp\/v2\/product"}],"about":[{"href":"https:\/\/ofertacular.com\/index.php\/wp-json\/wp\/v2\/types\/product"}],"wp:featuredmedia":[{"embeddable":true,"href":"https:\/\/ofertacular.com\/index.php\/wp-json\/wp\/v2\/media\/8376"}],"wp:attachment":[{"href":"https:\/\/ofertacular.com\/index.php\/wp-json\/wp\/v2\/media?parent=8377"}],"wp:term":[{"taxonomy":"store","embeddable":true,"href":"https:\/\/ofertacular.com\/index.php\/wp-json\/wp\/v2\/store?post=8377"},{"taxonomy":"product_brand","embeddable":true,"href":"https:\/\/ofertacular.com\/index.php\/wp-json\/wp\/v2\/product_brand?post=8377"},{"taxonomy":"product_cat","embeddable":true,"href":"https:\/\/ofertacular.com\/index.php\/wp-json\/wp\/v2\/product_cat?post=8377"},{"taxonomy":"product_tag","embeddable":true,"href":"https:\/\/ofertacular.com\/index.php\/wp-json\/wp\/v2\/product_tag?post=8377"}],"curies":[{"name":"wp","href":"https:\/\/api.w.org\/{rel}","templated":true}]}}