{"id":8474,"date":"2025-10-20T07:02:09","date_gmt":"2025-10-20T05:02:09","guid":{"rendered":"https:\/\/ofertacular.com\/index.php\/producto\/asus-zenbook\/"},"modified":"2025-10-20T07:02:09","modified_gmt":"2025-10-20T05:02:09","slug":"asus-zenbook","status":"publish","type":"product","link":"https:\/\/ofertacular.com\/index.php\/producto\/asus-zenbook\/","title":{"rendered":"ASUS Zenbook"},"content":{"rendered":"<div class=\"oferta-container\">\n<p>\ud83d\udfe5 <b>\u00a1NO TE LA PIERDAS!<\/b> \ud83d\udfe5 #Publicidad #Amazon #16<\/p>\n<p>\ud83d\udd34 <b>Port\u00e1til ASUS <\/b><\/p>\n<p>\u2705 <b>AHORA 1200 \u20ac<\/b> \u2714\ufe0f\ud83d\udfe1<\/p>\n<p>\u274c Antes 2,399.00 \u20ac<\/p>\n<p>\ud83d\uded2: <a href=\"https:\/\/btz.es\/5aiKmha\" target=\"_blank\" rel=\"nofollow noopener\">https:\/\/btz.es\/5aiKmha<\/a><\/p>\n<p>Descubre la potencia y elegancia del ASUS Zenbook, el port\u00e1til ideal para profesionales y creativos que buscan rendimiento superior y dise\u00f1o ultraligero. Con tecnolog\u00eda avanzada y una bater\u00eda de larga duraci\u00f3n, el ASUS Zenbook ofrece una experiencia de usuario excepcional, perfecta para todo tipo de tareas. Optimizado para m\u00e1xima productividad y portabilidad, este port\u00e1til ASUS combina innovaci\u00f3n y estilo para que trabajes y disfrutes en cualquier lugar. \u00a1Hazte con el ASUS Zenbook y lleva tu productividad al siguiente nivel!<\/p>\n<\/p><\/div>\n","protected":false},"excerpt":{"rendered":"<p>\ud83d\udfe5 \u00a1NO TE LA PIERDAS! \ud83d\udfe5 #Publicidad #Amazon #16 \ud83d\udd34 Port\u00e1til ASUS \u2705 AHORA 1200 \u20ac \u2714\ufe0f\ud83d\udfe1 \u274c Antes 2,399.00 \u20ac \ud83d\uded2: https:\/\/btz.es\/5aiKmha Descubre la potencia y elegancia del ASUS Zenbook, el port\u00e1til ideal para profesionales y creativos que buscan rendimiento superior y dise\u00f1o ultraligero. Con tecnolog\u00eda avanzada y una bater\u00eda de larga duraci\u00f3n, el [&hellip;]<\/p>\n","protected":false},"featured_media":8473,"template":"","meta":{"_gspb_post_css":""},"store":[],"product_brand":[],"product_cat":[16],"product_tag":[],"class_list":{"0":"post-8474","1":"product","2":"type-product","3":"status-publish","4":"has-post-thumbnail","6":"product_cat-sin-categorizar","8":"first","9":"instock","10":"sale","11":"shipping-taxable","12":"product-type-external"},"jetpack_sharing_enabled":true,"_links":{"self":[{"href":"https:\/\/ofertacular.com\/index.php\/wp-json\/wp\/v2\/product\/8474","targetHints":{"allow":["GET"]}}],"collection":[{"href":"https:\/\/ofertacular.com\/index.php\/wp-json\/wp\/v2\/product"}],"about":[{"href":"https:\/\/ofertacular.com\/index.php\/wp-json\/wp\/v2\/types\/product"}],"wp:featuredmedia":[{"embeddable":true,"href":"https:\/\/ofertacular.com\/index.php\/wp-json\/wp\/v2\/media\/8473"}],"wp:attachment":[{"href":"https:\/\/ofertacular.com\/index.php\/wp-json\/wp\/v2\/media?parent=8474"}],"wp:term":[{"taxonomy":"store","embeddable":true,"href":"https:\/\/ofertacular.com\/index.php\/wp-json\/wp\/v2\/store?post=8474"},{"taxonomy":"product_brand","embeddable":true,"href":"https:\/\/ofertacular.com\/index.php\/wp-json\/wp\/v2\/product_brand?post=8474"},{"taxonomy":"product_cat","embeddable":true,"href":"https:\/\/ofertacular.com\/index.php\/wp-json\/wp\/v2\/product_cat?post=8474"},{"taxonomy":"product_tag","embeddable":true,"href":"https:\/\/ofertacular.com\/index.php\/wp-json\/wp\/v2\/product_tag?post=8474"}],"curies":[{"name":"wp","href":"https:\/\/api.w.org\/{rel}","templated":true}]}}