{"id":8528,"date":"2025-10-21T08:01:07","date_gmt":"2025-10-21T06:01:07","guid":{"rendered":"https:\/\/ofertacular.com\/index.php\/producto\/coche-panos\/"},"modified":"2025-10-21T08:01:07","modified_gmt":"2025-10-21T06:01:07","slug":"coche-panos","status":"publish","type":"product","link":"https:\/\/ofertacular.com\/index.php\/producto\/coche-panos\/","title":{"rendered":"Coche Pa\u00f1os"},"content":{"rendered":"<div class=\"oferta-container\">\n<p>\ud83d\udfe5 <b>\u00a1OFERTA ESPECIAL!<\/b> \ud83d\udfe5 #Publicidad #Amazon #16<\/p>\n<p>\ud83d\udd34 <b>Coche Pa\u00f1os <\/b><\/p>\n<p>\u2705 <b>AHORA 8.35 \u20ac<\/b> \u2714\ufe0f\ud83d\udfe1<\/p>\n<p>\u274c Antes 10.99 \u20ac<\/p>\n<p>\ud83d\uded2: <a href=\"https:\/\/btz.es\/5aoP9fQ\" target=\"_blank\" rel=\"nofollow noopener\">https:\/\/btz.es\/5aoP9fQ<\/a><\/p>\n<p>Descubre los pa\u00f1os para coche de alta calidad dise\u00f1ados especialmente para mantener la limpieza y el brillo de tu veh\u00edculo. Fabricados con materiales duraderos y suaves, estos pa\u00f1os garantizan un cuidado eficaz sin rayar las superficies. Perfectos para uso interior y exterior, proporcionan una limpieza profunda y un acabado impecable. Optimiza el mantenimiento de tu coche con estos pa\u00f1os especializados que aseguran m\u00e1xima absorci\u00f3n y resistencia, ideales para eliminar polvo, suciedad y manchas con facilidad. \u00a1Mant\u00e9n tu coche como nuevo con nuestros pa\u00f1os para coche de primera calidad!<\/p>\n<\/p><\/div>\n","protected":false},"excerpt":{"rendered":"<p>\ud83d\udfe5 \u00a1OFERTA ESPECIAL! \ud83d\udfe5 #Publicidad #Amazon #16 \ud83d\udd34 Coche Pa\u00f1os \u2705 AHORA 8.35 \u20ac \u2714\ufe0f\ud83d\udfe1 \u274c Antes 10.99 \u20ac \ud83d\uded2: https:\/\/btz.es\/5aoP9fQ Descubre los pa\u00f1os para coche de alta calidad dise\u00f1ados especialmente para mantener la limpieza y el brillo de tu veh\u00edculo. Fabricados con materiales duraderos y suaves, estos pa\u00f1os garantizan un cuidado eficaz sin rayar [&hellip;]<\/p>\n","protected":false},"featured_media":8527,"template":"","meta":{"_gspb_post_css":""},"store":[],"product_brand":[],"product_cat":[16],"product_tag":[],"class_list":{"0":"post-8528","1":"product","2":"type-product","3":"status-publish","4":"has-post-thumbnail","6":"product_cat-sin-categorizar","8":"first","9":"instock","10":"sale","11":"shipping-taxable","12":"product-type-external"},"jetpack_sharing_enabled":true,"_links":{"self":[{"href":"https:\/\/ofertacular.com\/index.php\/wp-json\/wp\/v2\/product\/8528","targetHints":{"allow":["GET"]}}],"collection":[{"href":"https:\/\/ofertacular.com\/index.php\/wp-json\/wp\/v2\/product"}],"about":[{"href":"https:\/\/ofertacular.com\/index.php\/wp-json\/wp\/v2\/types\/product"}],"wp:featuredmedia":[{"embeddable":true,"href":"https:\/\/ofertacular.com\/index.php\/wp-json\/wp\/v2\/media\/8527"}],"wp:attachment":[{"href":"https:\/\/ofertacular.com\/index.php\/wp-json\/wp\/v2\/media?parent=8528"}],"wp:term":[{"taxonomy":"store","embeddable":true,"href":"https:\/\/ofertacular.com\/index.php\/wp-json\/wp\/v2\/store?post=8528"},{"taxonomy":"product_brand","embeddable":true,"href":"https:\/\/ofertacular.com\/index.php\/wp-json\/wp\/v2\/product_brand?post=8528"},{"taxonomy":"product_cat","embeddable":true,"href":"https:\/\/ofertacular.com\/index.php\/wp-json\/wp\/v2\/product_cat?post=8528"},{"taxonomy":"product_tag","embeddable":true,"href":"https:\/\/ofertacular.com\/index.php\/wp-json\/wp\/v2\/product_tag?post=8528"}],"curies":[{"name":"wp","href":"https:\/\/api.w.org\/{rel}","templated":true}]}}