{"id":8594,"date":"2025-10-23T15:03:57","date_gmt":"2025-10-23T13:03:57","guid":{"rendered":"https:\/\/ofertacular.com\/index.php\/producto\/fivelake-paddle\/"},"modified":"2025-10-23T15:03:57","modified_gmt":"2025-10-23T13:03:57","slug":"fivelake-paddle","status":"publish","type":"product","link":"https:\/\/ofertacular.com\/index.php\/producto\/fivelake-paddle\/","title":{"rendered":"FIVELAKE Paddle"},"content":{"rendered":"<div class=\"oferta-container\">\n<p>\ud83d\udfe5 <b>GRAN OFERTA<\/b> \ud83d\udfe5 #Publicidad #Amazon #16<\/p>\n<p>\ud83d\udd34 <b>Paddle FIVELAKE <\/b><\/p>\n<p>\u2705 <b>AHORA 99.98 \u20ac<\/b> \u2714\ufe0f\ud83d\udfe1<\/p>\n<p>\u274c Antes 229.00 \u20ac<\/p>\n<p>\ud83d\uded2: <a href=\"https:\/\/btz.es\/5a2pdZp\" target=\"_blank\" rel=\"nofollow noopener\">https:\/\/btz.es\/5a2pdZp<\/a><\/p>\n<p>Experimenta el m\u00e1ximo rendimiento con el paddle FIVELAKE, dise\u00f1ado para ofrecer un control excepcional y durabilidad superior en cada golpe. Ideal para jugadores que buscan mejorar su juego con una pala ligera y resistente, que garantiza comodidad y precisi\u00f3n en la cancha. Optimizado para una experiencia \u00fanica en p\u00e1del, este paddle de alta calidad se adapta a todos los niveles, desde principiantes hasta profesionales.<\/p>\n<\/p><\/div>\n","protected":false},"excerpt":{"rendered":"<p>\ud83d\udfe5 GRAN OFERTA \ud83d\udfe5 #Publicidad #Amazon #16 \ud83d\udd34 Paddle FIVELAKE \u2705 AHORA 99.98 \u20ac \u2714\ufe0f\ud83d\udfe1 \u274c Antes 229.00 \u20ac \ud83d\uded2: https:\/\/btz.es\/5a2pdZp Experimenta el m\u00e1ximo rendimiento con el paddle FIVELAKE, dise\u00f1ado para ofrecer un control excepcional y durabilidad superior en cada golpe. Ideal para jugadores que buscan mejorar su juego con una pala ligera y resistente, [&hellip;]<\/p>\n","protected":false},"featured_media":8593,"template":"","meta":{"_gspb_post_css":""},"store":[],"product_brand":[],"product_cat":[16],"product_tag":[],"class_list":{"0":"post-8594","1":"product","2":"type-product","3":"status-publish","4":"has-post-thumbnail","6":"product_cat-sin-categorizar","8":"first","9":"instock","10":"sale","11":"shipping-taxable","12":"product-type-external"},"jetpack_sharing_enabled":true,"_links":{"self":[{"href":"https:\/\/ofertacular.com\/index.php\/wp-json\/wp\/v2\/product\/8594","targetHints":{"allow":["GET"]}}],"collection":[{"href":"https:\/\/ofertacular.com\/index.php\/wp-json\/wp\/v2\/product"}],"about":[{"href":"https:\/\/ofertacular.com\/index.php\/wp-json\/wp\/v2\/types\/product"}],"wp:featuredmedia":[{"embeddable":true,"href":"https:\/\/ofertacular.com\/index.php\/wp-json\/wp\/v2\/media\/8593"}],"wp:attachment":[{"href":"https:\/\/ofertacular.com\/index.php\/wp-json\/wp\/v2\/media?parent=8594"}],"wp:term":[{"taxonomy":"store","embeddable":true,"href":"https:\/\/ofertacular.com\/index.php\/wp-json\/wp\/v2\/store?post=8594"},{"taxonomy":"product_brand","embeddable":true,"href":"https:\/\/ofertacular.com\/index.php\/wp-json\/wp\/v2\/product_brand?post=8594"},{"taxonomy":"product_cat","embeddable":true,"href":"https:\/\/ofertacular.com\/index.php\/wp-json\/wp\/v2\/product_cat?post=8594"},{"taxonomy":"product_tag","embeddable":true,"href":"https:\/\/ofertacular.com\/index.php\/wp-json\/wp\/v2\/product_tag?post=8594"}],"curies":[{"name":"wp","href":"https:\/\/api.w.org\/{rel}","templated":true}]}}