{"id":8614,"date":"2025-10-24T10:39:40","date_gmt":"2025-10-24T08:39:40","guid":{"rendered":"https:\/\/ofertacular.com\/index.php\/producto\/acer-monitor-4\/"},"modified":"2025-10-24T10:39:40","modified_gmt":"2025-10-24T08:39:40","slug":"acer-monitor-4","status":"publish","type":"product","link":"https:\/\/ofertacular.com\/index.php\/producto\/acer-monitor-4\/","title":{"rendered":"Acer Monitor"},"content":{"rendered":"<div class=\"oferta-container\">\n<p>\ud83d\udfe5 <b>\u00a1OFERT\u00d3N!<\/b> \ud83d\udfe5 #Publicidad #Amazon #16<\/p>\n<p>\ud83d\udd34 <b>Monitor Acer <\/b><\/p>\n<p>\u2705 <b>AHORA 101.58 \u20ac<\/b> \u2714\ufe0f\ud83d\udfe1<\/p>\n<p>\u274c Antes 119.50 \u20ac<\/p>\n<p>\ud83d\uded2: <a href=\"https:\/\/btz.es\/5a7bdXo\" target=\"_blank\" rel=\"nofollow noopener\">https:\/\/btz.es\/5a7bdXo<\/a><\/p>\n<p>Monitor Acer de alta calidad dise\u00f1ado para ofrecer im\u00e1genes n\u00edtidas y colores vibrantes, ideal para profesionales y usuarios exigentes. Con tecnolog\u00eda avanzada y dise\u00f1o ergon\u00f3mico, garantiza una experiencia visual superior para trabajo, entretenimiento y gaming. Optimiza tu espacio y mejora tu productividad con este monitor eficiente y fiable de Acer.<\/p>\n<\/p><\/div>\n","protected":false},"excerpt":{"rendered":"<p>\ud83d\udfe5 \u00a1OFERT\u00d3N! \ud83d\udfe5 #Publicidad #Amazon #16 \ud83d\udd34 Monitor Acer \u2705 AHORA 101.58 \u20ac \u2714\ufe0f\ud83d\udfe1 \u274c Antes 119.50 \u20ac \ud83d\uded2: https:\/\/btz.es\/5a7bdXo Monitor Acer de alta calidad dise\u00f1ado para ofrecer im\u00e1genes n\u00edtidas y colores vibrantes, ideal para profesionales y usuarios exigentes. Con tecnolog\u00eda avanzada y dise\u00f1o ergon\u00f3mico, garantiza una experiencia visual superior para trabajo, entretenimiento y gaming. [&hellip;]<\/p>\n","protected":false},"featured_media":8613,"template":"","meta":{"_gspb_post_css":""},"store":[],"product_brand":[],"product_cat":[16],"product_tag":[],"class_list":{"0":"post-8614","1":"product","2":"type-product","3":"status-publish","4":"has-post-thumbnail","6":"product_cat-sin-categorizar","8":"first","9":"instock","10":"sale","11":"shipping-taxable","12":"product-type-external"},"jetpack_sharing_enabled":true,"_links":{"self":[{"href":"https:\/\/ofertacular.com\/index.php\/wp-json\/wp\/v2\/product\/8614","targetHints":{"allow":["GET"]}}],"collection":[{"href":"https:\/\/ofertacular.com\/index.php\/wp-json\/wp\/v2\/product"}],"about":[{"href":"https:\/\/ofertacular.com\/index.php\/wp-json\/wp\/v2\/types\/product"}],"wp:featuredmedia":[{"embeddable":true,"href":"https:\/\/ofertacular.com\/index.php\/wp-json\/wp\/v2\/media\/8613"}],"wp:attachment":[{"href":"https:\/\/ofertacular.com\/index.php\/wp-json\/wp\/v2\/media?parent=8614"}],"wp:term":[{"taxonomy":"store","embeddable":true,"href":"https:\/\/ofertacular.com\/index.php\/wp-json\/wp\/v2\/store?post=8614"},{"taxonomy":"product_brand","embeddable":true,"href":"https:\/\/ofertacular.com\/index.php\/wp-json\/wp\/v2\/product_brand?post=8614"},{"taxonomy":"product_cat","embeddable":true,"href":"https:\/\/ofertacular.com\/index.php\/wp-json\/wp\/v2\/product_cat?post=8614"},{"taxonomy":"product_tag","embeddable":true,"href":"https:\/\/ofertacular.com\/index.php\/wp-json\/wp\/v2\/product_tag?post=8614"}],"curies":[{"name":"wp","href":"https:\/\/api.w.org\/{rel}","templated":true}]}}