{"id":8625,"date":"2025-10-24T13:46:52","date_gmt":"2025-10-24T11:46:52","guid":{"rendered":"https:\/\/ofertacular.com\/index.php\/producto\/dog-waste-2\/"},"modified":"2025-10-24T13:46:52","modified_gmt":"2025-10-24T11:46:52","slug":"dog-waste-2","status":"publish","type":"product","link":"https:\/\/ofertacular.com\/index.php\/producto\/dog-waste-2\/","title":{"rendered":"Dog Waste"},"content":{"rendered":"<div class=\"oferta-container\">\n<p>\ud83d\udfe5 <b>\u00a1GANGAZO!<\/b> \ud83d\udfe5 #Publicidad #Amazon #16<\/p>\n<p>\ud83d\udd34 <b>Bolsas Higi\u00e9nicas <\/b><\/p>\n<p>\u2705 <b>AHORA 8 \u20ac<\/b> \u2714\ufe0f\ud83d\udfe1<\/p>\n<p>\u274c Antes 11.31 \u20ac<\/p>\n<p>\ud83d\uded2: <a href=\"https:\/\/btz.es\/5a7Ml70\" target=\"_blank\" rel=\"nofollow noopener\">https:\/\/btz.es\/5a7Ml70<\/a><\/p>\n<p>Bolsas higi\u00e9nicas para desechos de perros, ideales para mantener limpias las \u00e1reas p\u00fablicas y privadas. Resistentes y ecol\u00f3gicas, facilitan la eliminaci\u00f3n responsable de residuos caninos, contribuyendo a un ambiente m\u00e1s sano y agradable. Perfectas para due\u00f1os de mascotas que buscan comodidad y cuidado ambiental.<\/p>\n<\/p><\/div>\n","protected":false},"excerpt":{"rendered":"<p>\ud83d\udfe5 \u00a1GANGAZO! \ud83d\udfe5 #Publicidad #Amazon #16 \ud83d\udd34 Bolsas Higi\u00e9nicas \u2705 AHORA 8 \u20ac \u2714\ufe0f\ud83d\udfe1 \u274c Antes 11.31 \u20ac \ud83d\uded2: https:\/\/btz.es\/5a7Ml70 Bolsas higi\u00e9nicas para desechos de perros, ideales para mantener limpias las \u00e1reas p\u00fablicas y privadas. Resistentes y ecol\u00f3gicas, facilitan la eliminaci\u00f3n responsable de residuos caninos, contribuyendo a un ambiente m\u00e1s sano y agradable. Perfectas para [&hellip;]<\/p>\n","protected":false},"featured_media":8624,"template":"","meta":{"_gspb_post_css":""},"store":[],"product_brand":[],"product_cat":[16],"product_tag":[],"class_list":{"0":"post-8625","1":"product","2":"type-product","3":"status-publish","4":"has-post-thumbnail","6":"product_cat-sin-categorizar","8":"first","9":"instock","10":"sale","11":"shipping-taxable","12":"product-type-external"},"jetpack_sharing_enabled":true,"_links":{"self":[{"href":"https:\/\/ofertacular.com\/index.php\/wp-json\/wp\/v2\/product\/8625","targetHints":{"allow":["GET"]}}],"collection":[{"href":"https:\/\/ofertacular.com\/index.php\/wp-json\/wp\/v2\/product"}],"about":[{"href":"https:\/\/ofertacular.com\/index.php\/wp-json\/wp\/v2\/types\/product"}],"wp:featuredmedia":[{"embeddable":true,"href":"https:\/\/ofertacular.com\/index.php\/wp-json\/wp\/v2\/media\/8624"}],"wp:attachment":[{"href":"https:\/\/ofertacular.com\/index.php\/wp-json\/wp\/v2\/media?parent=8625"}],"wp:term":[{"taxonomy":"store","embeddable":true,"href":"https:\/\/ofertacular.com\/index.php\/wp-json\/wp\/v2\/store?post=8625"},{"taxonomy":"product_brand","embeddable":true,"href":"https:\/\/ofertacular.com\/index.php\/wp-json\/wp\/v2\/product_brand?post=8625"},{"taxonomy":"product_cat","embeddable":true,"href":"https:\/\/ofertacular.com\/index.php\/wp-json\/wp\/v2\/product_cat?post=8625"},{"taxonomy":"product_tag","embeddable":true,"href":"https:\/\/ofertacular.com\/index.php\/wp-json\/wp\/v2\/product_tag?post=8625"}],"curies":[{"name":"wp","href":"https:\/\/api.w.org\/{rel}","templated":true}]}}