{"id":8727,"date":"2025-10-29T10:33:53","date_gmt":"2025-10-29T09:33:53","guid":{"rendered":"https:\/\/ofertacular.com\/index.php\/producto\/baloo-bear\/"},"modified":"2025-10-29T10:33:53","modified_gmt":"2025-10-29T09:33:53","slug":"baloo-bear","status":"publish","type":"product","link":"https:\/\/ofertacular.com\/index.php\/producto\/baloo-bear\/","title":{"rendered":"Baloo Bear"},"content":{"rendered":"<div class=\"oferta-container\">\ud83d\udfea <b>\u00a1FUNKO!<\/b> \ud83d\udfea #Publicidad #Amazon\ud83d\udfe3 <b> Funko POP! Disney Baloo Bear<\/b> \u2705 <b>AHORA 9.99 \u20ac<\/b> \u2714\ufe0f\ud83d\udfe1\u274c Antes 16.00 \u20ac \u20ac \ud83d\uded2: https:\/\/btz.es\/5ba3vks\ud83d\udfe2 Ofertacular.com<\/p>\n<p>Descubre el encanto de la jungla con el Funko POP! Disney Baloo Bear. Esta figura destaca por sus detalles fieles al personaje cl\u00e1sico, perfecta para coleccionistas y fan\u00e1ticos de Disney. Ideal para exhibir o regalar, esta figura de vinilo es una pieza imprescindible que aporta diversi\u00f3n y nostalgia a tu colecci\u00f3n. Consigue ahora este exclusivo Funko POP y dale vida a tu espacio con el carism\u00e1tico Baloo de El Libro de la Selva.<\/p>\n<\/div>\n","protected":false},"excerpt":{"rendered":"<p>\ud83d\udfea \u00a1FUNKO! \ud83d\udfea #Publicidad #Amazon\ud83d\udfe3 Funko POP! Disney Baloo Bear \u2705 AHORA 9.99 \u20ac \u2714\ufe0f\ud83d\udfe1\u274c Antes 16.00 \u20ac \u20ac \ud83d\uded2: https:\/\/btz.es\/5ba3vks\ud83d\udfe2 Ofertacular.com Descubre el encanto de la jungla con el Funko POP! Disney Baloo Bear. Esta figura destaca por sus detalles fieles al personaje cl\u00e1sico, perfecta para coleccionistas y fan\u00e1ticos de Disney. Ideal para exhibir [&hellip;]<\/p>\n","protected":false},"featured_media":8726,"template":"","meta":{"_gspb_post_css":""},"store":[],"product_brand":[],"product_cat":[16],"product_tag":[],"class_list":{"0":"post-8727","1":"product","2":"type-product","3":"status-publish","4":"has-post-thumbnail","6":"product_cat-sin-categorizar","8":"first","9":"instock","10":"sale","11":"shipping-taxable","12":"product-type-external"},"jetpack_sharing_enabled":true,"_links":{"self":[{"href":"https:\/\/ofertacular.com\/index.php\/wp-json\/wp\/v2\/product\/8727","targetHints":{"allow":["GET"]}}],"collection":[{"href":"https:\/\/ofertacular.com\/index.php\/wp-json\/wp\/v2\/product"}],"about":[{"href":"https:\/\/ofertacular.com\/index.php\/wp-json\/wp\/v2\/types\/product"}],"wp:featuredmedia":[{"embeddable":true,"href":"https:\/\/ofertacular.com\/index.php\/wp-json\/wp\/v2\/media\/8726"}],"wp:attachment":[{"href":"https:\/\/ofertacular.com\/index.php\/wp-json\/wp\/v2\/media?parent=8727"}],"wp:term":[{"taxonomy":"store","embeddable":true,"href":"https:\/\/ofertacular.com\/index.php\/wp-json\/wp\/v2\/store?post=8727"},{"taxonomy":"product_brand","embeddable":true,"href":"https:\/\/ofertacular.com\/index.php\/wp-json\/wp\/v2\/product_brand?post=8727"},{"taxonomy":"product_cat","embeddable":true,"href":"https:\/\/ofertacular.com\/index.php\/wp-json\/wp\/v2\/product_cat?post=8727"},{"taxonomy":"product_tag","embeddable":true,"href":"https:\/\/ofertacular.com\/index.php\/wp-json\/wp\/v2\/product_tag?post=8727"}],"curies":[{"name":"wp","href":"https:\/\/api.w.org\/{rel}","templated":true}]}}