{"id":8759,"date":"2025-10-30T08:33:29","date_gmt":"2025-10-30T07:33:29","guid":{"rendered":"https:\/\/ofertacular.com\/index.php\/producto\/power-bank-8\/"},"modified":"2025-10-30T08:33:29","modified_gmt":"2025-10-30T07:33:29","slug":"power-bank-8","status":"publish","type":"product","link":"https:\/\/ofertacular.com\/index.php\/producto\/power-bank-8\/","title":{"rendered":"Power Bank"},"content":{"rendered":"<div class=\"oferta-container\">\n<p>\ud83d\udfe5 <b>\u00a1OFERTA ESPECIAL!<\/b> \ud83d\udfe5 #Publicidad #Amazon #16<\/p>\n<p>\ud83d\udd34 <b>Power Bank <\/b><\/p>\n<p>\u2705 <b>AHORA 9.99 \u20ac<\/b> \u2714\ufe0f\ud83d\udfe1<\/p>\n<p>\u274c Antes 23.96 \u20ac<\/p>\n<p>\ud83d\uded2: <a href=\"https:\/\/btz.es\/5bfP8tL\" target=\"_blank\" rel=\"nofollow noopener\">https:\/\/btz.es\/5bfP8tL<\/a><\/p>\n<p>Power Bank de alta capacidad dise\u00f1ado para mantener tus dispositivos electr\u00f3nicos siempre cargados y listos para usar. Ideal para viajes y uso diario, este cargador port\u00e1til ofrece carga r\u00e1pida y segura compatible con varios dispositivos. Optimiza tu energ\u00eda m\u00f3vil con este Power Bank eficiente y confiable, un imprescindible para quienes buscan autonom\u00eda y practicidad. Perfecto para smartphones, tablets y otros gadgets, asegura conexi\u00f3n continua para tu estilo de vida din\u00e1mico.<\/p>\n<\/p><\/div>\n","protected":false},"excerpt":{"rendered":"<p>\ud83d\udfe5 \u00a1OFERTA ESPECIAL! \ud83d\udfe5 #Publicidad #Amazon #16 \ud83d\udd34 Power Bank \u2705 AHORA 9.99 \u20ac \u2714\ufe0f\ud83d\udfe1 \u274c Antes 23.96 \u20ac \ud83d\uded2: https:\/\/btz.es\/5bfP8tL Power Bank de alta capacidad dise\u00f1ado para mantener tus dispositivos electr\u00f3nicos siempre cargados y listos para usar. Ideal para viajes y uso diario, este cargador port\u00e1til ofrece carga r\u00e1pida y segura compatible con varios [&hellip;]<\/p>\n","protected":false},"featured_media":8758,"template":"","meta":{"_gspb_post_css":""},"store":[],"product_brand":[],"product_cat":[16],"product_tag":[],"class_list":{"0":"post-8759","1":"product","2":"type-product","3":"status-publish","4":"has-post-thumbnail","6":"product_cat-sin-categorizar","8":"first","9":"instock","10":"sale","11":"shipping-taxable","12":"product-type-external"},"jetpack_sharing_enabled":true,"_links":{"self":[{"href":"https:\/\/ofertacular.com\/index.php\/wp-json\/wp\/v2\/product\/8759","targetHints":{"allow":["GET"]}}],"collection":[{"href":"https:\/\/ofertacular.com\/index.php\/wp-json\/wp\/v2\/product"}],"about":[{"href":"https:\/\/ofertacular.com\/index.php\/wp-json\/wp\/v2\/types\/product"}],"wp:featuredmedia":[{"embeddable":true,"href":"https:\/\/ofertacular.com\/index.php\/wp-json\/wp\/v2\/media\/8758"}],"wp:attachment":[{"href":"https:\/\/ofertacular.com\/index.php\/wp-json\/wp\/v2\/media?parent=8759"}],"wp:term":[{"taxonomy":"store","embeddable":true,"href":"https:\/\/ofertacular.com\/index.php\/wp-json\/wp\/v2\/store?post=8759"},{"taxonomy":"product_brand","embeddable":true,"href":"https:\/\/ofertacular.com\/index.php\/wp-json\/wp\/v2\/product_brand?post=8759"},{"taxonomy":"product_cat","embeddable":true,"href":"https:\/\/ofertacular.com\/index.php\/wp-json\/wp\/v2\/product_cat?post=8759"},{"taxonomy":"product_tag","embeddable":true,"href":"https:\/\/ofertacular.com\/index.php\/wp-json\/wp\/v2\/product_tag?post=8759"}],"curies":[{"name":"wp","href":"https:\/\/api.w.org\/{rel}","templated":true}]}}