{"id":8927,"date":"2025-11-04T10:34:22","date_gmt":"2025-11-04T09:34:22","guid":{"rendered":"https:\/\/ofertacular.com\/index.php\/producto\/sparrow-botella-4\/"},"modified":"2025-11-04T10:34:22","modified_gmt":"2025-11-04T09:34:22","slug":"sparrow-botella-4","status":"publish","type":"product","link":"https:\/\/ofertacular.com\/index.php\/producto\/sparrow-botella-4\/","title":{"rendered":"Sparrow Botella"},"content":{"rendered":"<div class=\"oferta-container\">\n<p>\ud83d\udfe5 <b>\u00a1DESCUENTO \u00daNICO!<\/b> \ud83d\udfe5 #Publicidad #Amazon #16<\/p>\n<p>\ud83d\udd34 <b>Botella Sparrow <\/b><\/p>\n<p>\u2705 <b>AHORA 13.31 \u20ac<\/b> \u2714\ufe0f\ud83d\udfe1<\/p>\n<p>\u274c Antes 19.59 \u20ac<\/p>\n<p>\ud83d\uded2: <a href=\"https:\/\/btz.es\/5b98BMG\" target=\"_blank\" rel=\"nofollow noopener\">https:\/\/btz.es\/5b98BMG<\/a><\/p>\n<p>Descubre la Botella Sparrow, dise\u00f1ada para ofrecer funcionalidad y estilo en cada uso. Fabricada con materiales de alta calidad, esta botella es perfecta para mantener tus bebidas frescas durante todo el d\u00eda. Ligera y duradera, ideal para actividades al aire libre, gimnasio o uso diario. Su dise\u00f1o moderno y ergon\u00f3mico facilita su transporte y uso. La Botella Sparrow es la elecci\u00f3n perfecta para quienes buscan un producto confiable, elegante y eficiente para hidratarse en cualquier momento. Optimizada para SEO con palabras clave relevantes, garantiza una alta visibilidad en b\u00fasqueda para productos de hidrataci\u00f3n y botellas reutilizables.<\/p>\n<\/p><\/div>\n","protected":false},"excerpt":{"rendered":"<p>\ud83d\udfe5 \u00a1DESCUENTO \u00daNICO! \ud83d\udfe5 #Publicidad #Amazon #16 \ud83d\udd34 Botella Sparrow \u2705 AHORA 13.31 \u20ac \u2714\ufe0f\ud83d\udfe1 \u274c Antes 19.59 \u20ac \ud83d\uded2: https:\/\/btz.es\/5b98BMG Descubre la Botella Sparrow, dise\u00f1ada para ofrecer funcionalidad y estilo en cada uso. Fabricada con materiales de alta calidad, esta botella es perfecta para mantener tus bebidas frescas durante todo el d\u00eda. Ligera y [&hellip;]<\/p>\n","protected":false},"featured_media":8926,"template":"","meta":{"_gspb_post_css":""},"store":[],"product_brand":[],"product_cat":[16],"product_tag":[],"class_list":{"0":"post-8927","1":"product","2":"type-product","3":"status-publish","4":"has-post-thumbnail","6":"product_cat-sin-categorizar","8":"first","9":"instock","10":"sale","11":"shipping-taxable","12":"product-type-external"},"jetpack_sharing_enabled":true,"_links":{"self":[{"href":"https:\/\/ofertacular.com\/index.php\/wp-json\/wp\/v2\/product\/8927","targetHints":{"allow":["GET"]}}],"collection":[{"href":"https:\/\/ofertacular.com\/index.php\/wp-json\/wp\/v2\/product"}],"about":[{"href":"https:\/\/ofertacular.com\/index.php\/wp-json\/wp\/v2\/types\/product"}],"wp:featuredmedia":[{"embeddable":true,"href":"https:\/\/ofertacular.com\/index.php\/wp-json\/wp\/v2\/media\/8926"}],"wp:attachment":[{"href":"https:\/\/ofertacular.com\/index.php\/wp-json\/wp\/v2\/media?parent=8927"}],"wp:term":[{"taxonomy":"store","embeddable":true,"href":"https:\/\/ofertacular.com\/index.php\/wp-json\/wp\/v2\/store?post=8927"},{"taxonomy":"product_brand","embeddable":true,"href":"https:\/\/ofertacular.com\/index.php\/wp-json\/wp\/v2\/product_brand?post=8927"},{"taxonomy":"product_cat","embeddable":true,"href":"https:\/\/ofertacular.com\/index.php\/wp-json\/wp\/v2\/product_cat?post=8927"},{"taxonomy":"product_tag","embeddable":true,"href":"https:\/\/ofertacular.com\/index.php\/wp-json\/wp\/v2\/product_tag?post=8927"}],"curies":[{"name":"wp","href":"https:\/\/api.w.org\/{rel}","templated":true}]}}