{"id":9007,"date":"2025-11-06T09:59:19","date_gmt":"2025-11-06T08:59:19","guid":{"rendered":"https:\/\/ofertacular.com\/index.php\/producto\/chocapic-cereales\/"},"modified":"2025-11-06T09:59:19","modified_gmt":"2025-11-06T08:59:19","slug":"chocapic-cereales","status":"publish","type":"product","link":"https:\/\/ofertacular.com\/index.php\/producto\/chocapic-cereales\/","title":{"rendered":"Chocapic Cereales"},"content":{"rendered":"<div class=\"oferta-container\">\n<p>\ud83d\udfe5 <b>DESCUENTAZO<\/b> \ud83d\udfe5 #Publicidad #Amazon #16<\/p>\n<p>\ud83d\udd34 <b>Cereales Chocapic <\/b><\/p>\n<p>\u2705 <b>AHORA 2.43 \u20ac<\/b> \u2714\ufe0f\ud83d\udfe1<\/p>\n<p>\u274c Antes 3.39 \u20ac<\/p>\n<p>\ud83d\uded2: <a href=\"https:\/\/btz.es\/5bLgPNY\" target=\"_blank\" rel=\"nofollow noopener\">https:\/\/btz.es\/5bLgPNY<\/a><\/p>\n<p>Disfruta del delicioso sabor de los cereales Chocapic, una opci\u00f3n nutritiva y energ\u00e9tica para comenzar el d\u00eda con buen pie. Perfectos para toda la familia, estos cereales combinan sabor y calidad, convirti\u00e9ndose en la elecci\u00f3n preferida para un desayuno saludable y apetitoso.<\/p>\n<\/p><\/div>\n","protected":false},"excerpt":{"rendered":"<p>\ud83d\udfe5 DESCUENTAZO \ud83d\udfe5 #Publicidad #Amazon #16 \ud83d\udd34 Cereales Chocapic \u2705 AHORA 2.43 \u20ac \u2714\ufe0f\ud83d\udfe1 \u274c Antes 3.39 \u20ac \ud83d\uded2: https:\/\/btz.es\/5bLgPNY Disfruta del delicioso sabor de los cereales Chocapic, una opci\u00f3n nutritiva y energ\u00e9tica para comenzar el d\u00eda con buen pie. Perfectos para toda la familia, estos cereales combinan sabor y calidad, convirti\u00e9ndose en la elecci\u00f3n [&hellip;]<\/p>\n","protected":false},"featured_media":9006,"template":"","meta":{"_gspb_post_css":""},"store":[],"product_brand":[],"product_cat":[16],"product_tag":[],"class_list":{"0":"post-9007","1":"product","2":"type-product","3":"status-publish","4":"has-post-thumbnail","6":"product_cat-sin-categorizar","8":"first","9":"instock","10":"sale","11":"shipping-taxable","12":"product-type-external"},"jetpack_sharing_enabled":true,"_links":{"self":[{"href":"https:\/\/ofertacular.com\/index.php\/wp-json\/wp\/v2\/product\/9007","targetHints":{"allow":["GET"]}}],"collection":[{"href":"https:\/\/ofertacular.com\/index.php\/wp-json\/wp\/v2\/product"}],"about":[{"href":"https:\/\/ofertacular.com\/index.php\/wp-json\/wp\/v2\/types\/product"}],"wp:featuredmedia":[{"embeddable":true,"href":"https:\/\/ofertacular.com\/index.php\/wp-json\/wp\/v2\/media\/9006"}],"wp:attachment":[{"href":"https:\/\/ofertacular.com\/index.php\/wp-json\/wp\/v2\/media?parent=9007"}],"wp:term":[{"taxonomy":"store","embeddable":true,"href":"https:\/\/ofertacular.com\/index.php\/wp-json\/wp\/v2\/store?post=9007"},{"taxonomy":"product_brand","embeddable":true,"href":"https:\/\/ofertacular.com\/index.php\/wp-json\/wp\/v2\/product_brand?post=9007"},{"taxonomy":"product_cat","embeddable":true,"href":"https:\/\/ofertacular.com\/index.php\/wp-json\/wp\/v2\/product_cat?post=9007"},{"taxonomy":"product_tag","embeddable":true,"href":"https:\/\/ofertacular.com\/index.php\/wp-json\/wp\/v2\/product_tag?post=9007"}],"curies":[{"name":"wp","href":"https:\/\/api.w.org\/{rel}","templated":true}]}}