{"id":9045,"date":"2025-11-06T11:46:33","date_gmt":"2025-11-06T10:46:33","guid":{"rendered":"https:\/\/ofertacular.com\/index.php\/producto\/philips-cafetera\/"},"modified":"2025-11-06T11:46:33","modified_gmt":"2025-11-06T10:46:33","slug":"philips-cafetera","status":"publish","type":"product","link":"https:\/\/ofertacular.com\/index.php\/producto\/philips-cafetera\/","title":{"rendered":"Philips Cafetera"},"content":{"rendered":"<div class=\"oferta-container\">\n<p>\ud83d\udfe5 <b>\u00a1APROVECHA!<\/b> \ud83d\udfe5 #Publicidad #Amazon #16<\/p>\n<p>\ud83d\udd34 <b>Cafetera Philips <\/b><\/p>\n<p>\u2705 <b>AHORA 299.99 \u20ac<\/b> \u2714\ufe0f\ud83d\udfe1<\/p>\n<p>\u274c Antes 449.99 \u20ac<\/p>\n<p>\ud83d\uded2: <a href=\"https:\/\/btz.es\/5bL7PTc\" target=\"_blank\" rel=\"nofollow noopener\">https:\/\/btz.es\/5bL7PTc<\/a><\/p>\n<p>Descubre la eficiencia y calidad de la Cafetera Philips, dise\u00f1ada para ofrecer un caf\u00e9 perfecto en cada preparaci\u00f3n. Esta cafetera combina tecnolog\u00eda avanzada con un dise\u00f1o elegante, ideal para cualquier cocina. Disfruta de aromas intensos y sabor aut\u00e9ntico con un equipo duradero y f\u00e1cil de usar. Optimizada para satisfacer a los amantes del caf\u00e9, garantizando rapidez y comodidad en cada taza.<\/p>\n<\/p><\/div>\n","protected":false},"excerpt":{"rendered":"<p>\ud83d\udfe5 \u00a1APROVECHA! \ud83d\udfe5 #Publicidad #Amazon #16 \ud83d\udd34 Cafetera Philips \u2705 AHORA 299.99 \u20ac \u2714\ufe0f\ud83d\udfe1 \u274c Antes 449.99 \u20ac \ud83d\uded2: https:\/\/btz.es\/5bL7PTc Descubre la eficiencia y calidad de la Cafetera Philips, dise\u00f1ada para ofrecer un caf\u00e9 perfecto en cada preparaci\u00f3n. Esta cafetera combina tecnolog\u00eda avanzada con un dise\u00f1o elegante, ideal para cualquier cocina. Disfruta de aromas intensos [&hellip;]<\/p>\n","protected":false},"featured_media":9044,"template":"","meta":{"_gspb_post_css":""},"store":[],"product_brand":[],"product_cat":[16],"product_tag":[],"class_list":{"0":"post-9045","1":"product","2":"type-product","3":"status-publish","4":"has-post-thumbnail","6":"product_cat-sin-categorizar","8":"first","9":"instock","10":"sale","11":"shipping-taxable","12":"product-type-external"},"jetpack_sharing_enabled":true,"_links":{"self":[{"href":"https:\/\/ofertacular.com\/index.php\/wp-json\/wp\/v2\/product\/9045","targetHints":{"allow":["GET"]}}],"collection":[{"href":"https:\/\/ofertacular.com\/index.php\/wp-json\/wp\/v2\/product"}],"about":[{"href":"https:\/\/ofertacular.com\/index.php\/wp-json\/wp\/v2\/types\/product"}],"wp:featuredmedia":[{"embeddable":true,"href":"https:\/\/ofertacular.com\/index.php\/wp-json\/wp\/v2\/media\/9044"}],"wp:attachment":[{"href":"https:\/\/ofertacular.com\/index.php\/wp-json\/wp\/v2\/media?parent=9045"}],"wp:term":[{"taxonomy":"store","embeddable":true,"href":"https:\/\/ofertacular.com\/index.php\/wp-json\/wp\/v2\/store?post=9045"},{"taxonomy":"product_brand","embeddable":true,"href":"https:\/\/ofertacular.com\/index.php\/wp-json\/wp\/v2\/product_brand?post=9045"},{"taxonomy":"product_cat","embeddable":true,"href":"https:\/\/ofertacular.com\/index.php\/wp-json\/wp\/v2\/product_cat?post=9045"},{"taxonomy":"product_tag","embeddable":true,"href":"https:\/\/ofertacular.com\/index.php\/wp-json\/wp\/v2\/product_tag?post=9045"}],"curies":[{"name":"wp","href":"https:\/\/api.w.org\/{rel}","templated":true}]}}