{"id":9071,"date":"2025-11-07T10:41:12","date_gmt":"2025-11-07T09:41:12","guid":{"rendered":"https:\/\/ofertacular.com\/index.php\/producto\/digital-alarm\/"},"modified":"2025-11-07T10:41:12","modified_gmt":"2025-11-07T09:41:12","slug":"digital-alarm","status":"publish","type":"product","link":"https:\/\/ofertacular.com\/index.php\/producto\/digital-alarm\/","title":{"rendered":"Digital Alarm"},"content":{"rendered":"<div class=\"oferta-container\">\n<p>\ud83d\udfe5 <b>EXCLUSIVO<\/b> \ud83d\udfe5 #Publicidad #Amazon #16<\/p>\n<p>\ud83d\udd34 <b>Reloj Digital <\/b><\/p>\n<p>\u2705 <b>AHORA 8.33 \u20ac<\/b> \u2714\ufe0f\ud83d\udfe1<\/p>\n<p>\u274c Antes 9.81 \u20ac<\/p>\n<p>\ud83d\uded2: <a href=\"https:\/\/btz.es\/5bRhUmW\" target=\"_blank\" rel=\"nofollow noopener\">https:\/\/btz.es\/5bRhUmW<\/a><\/p>\n<p>Descubre el reloj digital m\u00e1s preciso y moderno, ideal para mantener tu tiempo controlado con estilo y funcionalidad. Perfecto para quienes buscan un dispositivo confiable y f\u00e1cil de usar, con pantalla clara y dise\u00f1o elegante. Mejora tu rutina diaria con nuestro reloj digital, una combinaci\u00f3n perfecta de tecnolog\u00eda avanzada y durabilidad. Compra ahora y experimenta la comodidad y exactitud que solo un reloj digital de alta calidad puede ofrecer.<\/p>\n<\/p><\/div>\n","protected":false},"excerpt":{"rendered":"<p>\ud83d\udfe5 EXCLUSIVO \ud83d\udfe5 #Publicidad #Amazon #16 \ud83d\udd34 Reloj Digital \u2705 AHORA 8.33 \u20ac \u2714\ufe0f\ud83d\udfe1 \u274c Antes 9.81 \u20ac \ud83d\uded2: https:\/\/btz.es\/5bRhUmW Descubre el reloj digital m\u00e1s preciso y moderno, ideal para mantener tu tiempo controlado con estilo y funcionalidad. Perfecto para quienes buscan un dispositivo confiable y f\u00e1cil de usar, con pantalla clara y dise\u00f1o elegante. [&hellip;]<\/p>\n","protected":false},"featured_media":9070,"template":"","meta":{"_gspb_post_css":""},"store":[],"product_brand":[],"product_cat":[16],"product_tag":[],"class_list":{"0":"post-9071","1":"product","2":"type-product","3":"status-publish","4":"has-post-thumbnail","6":"product_cat-sin-categorizar","8":"first","9":"instock","10":"sale","11":"shipping-taxable","12":"product-type-external"},"jetpack_sharing_enabled":true,"_links":{"self":[{"href":"https:\/\/ofertacular.com\/index.php\/wp-json\/wp\/v2\/product\/9071","targetHints":{"allow":["GET"]}}],"collection":[{"href":"https:\/\/ofertacular.com\/index.php\/wp-json\/wp\/v2\/product"}],"about":[{"href":"https:\/\/ofertacular.com\/index.php\/wp-json\/wp\/v2\/types\/product"}],"wp:featuredmedia":[{"embeddable":true,"href":"https:\/\/ofertacular.com\/index.php\/wp-json\/wp\/v2\/media\/9070"}],"wp:attachment":[{"href":"https:\/\/ofertacular.com\/index.php\/wp-json\/wp\/v2\/media?parent=9071"}],"wp:term":[{"taxonomy":"store","embeddable":true,"href":"https:\/\/ofertacular.com\/index.php\/wp-json\/wp\/v2\/store?post=9071"},{"taxonomy":"product_brand","embeddable":true,"href":"https:\/\/ofertacular.com\/index.php\/wp-json\/wp\/v2\/product_brand?post=9071"},{"taxonomy":"product_cat","embeddable":true,"href":"https:\/\/ofertacular.com\/index.php\/wp-json\/wp\/v2\/product_cat?post=9071"},{"taxonomy":"product_tag","embeddable":true,"href":"https:\/\/ofertacular.com\/index.php\/wp-json\/wp\/v2\/product_tag?post=9071"}],"curies":[{"name":"wp","href":"https:\/\/api.w.org\/{rel}","templated":true}]}}