{"id":9301,"date":"2025-11-13T14:04:28","date_gmt":"2025-11-13T13:04:28","guid":{"rendered":"https:\/\/ofertacular.com\/index.php\/producto\/power-espresso\/"},"modified":"2025-11-13T14:04:28","modified_gmt":"2025-11-13T13:04:28","slug":"power-espresso","status":"publish","type":"product","link":"https:\/\/ofertacular.com\/index.php\/producto\/power-espresso\/","title":{"rendered":"Power Espresso"},"content":{"rendered":"<div class=\"oferta-container\">\n<p>\ud83d\udfe5 <b>INCRE\u00cdBLE<\/b> \ud83d\udfe5 #Publicidad #Amazon #16<\/p>\n<p>\ud83d\udd34 <b>Cafetera Espresso <\/b><\/p>\n<p>\u2705 <b>AHORA 59 \u20ac<\/b> \u2714\ufe0f\ud83d\udfe1<\/p>\n<p>\u274c Antes 69.90 \u20ac<\/p>\n<p>\ud83d\uded2: <a href=\"https:\/\/btz.es\/5c1co7K\" target=\"_blank\" rel=\"nofollow noopener\">https:\/\/btz.es\/5c1co7K<\/a><\/p>\n<p>Disfruta de un caf\u00e9 espresso perfecto en casa con la Cafetera Power Espresso. Dise\u00f1ada para los amantes del caf\u00e9 que buscan calidad y sabor excepcionales, esta cafetera combina tecnolog\u00eda avanzada y facilidad de uso. Optimiza cada taza con un sistema de extracci\u00f3n que resalta el aroma y cuerpo del espresso, ideal para comenzar tu d\u00eda lleno de energ\u00eda. Perfecta para uso dom\u00e9stico y oficinas, la Cafetera Power Espresso es tu aliada para un caf\u00e9 profesional al alcance de tu mano.<\/p>\n<\/p><\/div>\n","protected":false},"excerpt":{"rendered":"<p>\ud83d\udfe5 INCRE\u00cdBLE \ud83d\udfe5 #Publicidad #Amazon #16 \ud83d\udd34 Cafetera Espresso \u2705 AHORA 59 \u20ac \u2714\ufe0f\ud83d\udfe1 \u274c Antes 69.90 \u20ac \ud83d\uded2: https:\/\/btz.es\/5c1co7K Disfruta de un caf\u00e9 espresso perfecto en casa con la Cafetera Power Espresso. Dise\u00f1ada para los amantes del caf\u00e9 que buscan calidad y sabor excepcionales, esta cafetera combina tecnolog\u00eda avanzada y facilidad de uso. Optimiza [&hellip;]<\/p>\n","protected":false},"featured_media":9300,"template":"","meta":{"_gspb_post_css":""},"store":[],"product_brand":[],"product_cat":[16],"product_tag":[],"class_list":{"0":"post-9301","1":"product","2":"type-product","3":"status-publish","4":"has-post-thumbnail","6":"product_cat-sin-categorizar","8":"first","9":"instock","10":"sale","11":"shipping-taxable","12":"product-type-external"},"jetpack_sharing_enabled":true,"_links":{"self":[{"href":"https:\/\/ofertacular.com\/index.php\/wp-json\/wp\/v2\/product\/9301","targetHints":{"allow":["GET"]}}],"collection":[{"href":"https:\/\/ofertacular.com\/index.php\/wp-json\/wp\/v2\/product"}],"about":[{"href":"https:\/\/ofertacular.com\/index.php\/wp-json\/wp\/v2\/types\/product"}],"wp:featuredmedia":[{"embeddable":true,"href":"https:\/\/ofertacular.com\/index.php\/wp-json\/wp\/v2\/media\/9300"}],"wp:attachment":[{"href":"https:\/\/ofertacular.com\/index.php\/wp-json\/wp\/v2\/media?parent=9301"}],"wp:term":[{"taxonomy":"store","embeddable":true,"href":"https:\/\/ofertacular.com\/index.php\/wp-json\/wp\/v2\/store?post=9301"},{"taxonomy":"product_brand","embeddable":true,"href":"https:\/\/ofertacular.com\/index.php\/wp-json\/wp\/v2\/product_brand?post=9301"},{"taxonomy":"product_cat","embeddable":true,"href":"https:\/\/ofertacular.com\/index.php\/wp-json\/wp\/v2\/product_cat?post=9301"},{"taxonomy":"product_tag","embeddable":true,"href":"https:\/\/ofertacular.com\/index.php\/wp-json\/wp\/v2\/product_tag?post=9301"}],"curies":[{"name":"wp","href":"https:\/\/api.w.org\/{rel}","templated":true}]}}