{"id":9516,"date":"2025-11-19T08:42:22","date_gmt":"2025-11-19T07:42:22","guid":{"rendered":"https:\/\/ofertacular.com\/index.php\/producto\/lefant-robot-4\/"},"modified":"2025-11-19T08:42:22","modified_gmt":"2025-11-19T07:42:22","slug":"lefant-robot-4","status":"publish","type":"product","link":"https:\/\/ofertacular.com\/index.php\/producto\/lefant-robot-4\/","title":{"rendered":"LEFANT Robot"},"content":{"rendered":"<div class=\"oferta-container\">\n<p>\ud83d\udfe5 <b>\u00a1APROVECHA!<\/b> \ud83d\udfe5 #Publicidad #Amazon #16<\/p>\n<p>\ud83d\udd34 <b>Robot LEFANT <\/b><\/p>\n<p>\u2705 <b>AHORA 89.9 \u20ac<\/b> \u2714\ufe0f\ud83d\udfe1<\/p>\n<p>\u274c Antes 99.99 \u20ac<\/p>\n<p>\ud83d\uded2: <a href=\"https:\/\/btz.es\/5cYOsOH\" target=\"_blank\" rel=\"nofollow noopener\">https:\/\/btz.es\/5cYOsOH<\/a><\/p>\n<p>Descubre el poder innovador del Robot LEFANT, dise\u00f1ado para automatizar tareas con precisi\u00f3n y eficiencia. Su tecnolog\u00eda avanzada garantiza un rendimiento excepcional, ideal para quienes buscan soluciones inteligentes en rob\u00f3tica. Con LEFANT, experimenta la combinaci\u00f3n perfecta de dise\u00f1o y funcionalidad que optimiza procesos y maximiza productividad. \u00a1Adquiere el Robot LEFANT y transforma tu experiencia tecnol\u00f3gica al m\u00e1ximo nivel!<\/p>\n<\/p><\/div>\n","protected":false},"excerpt":{"rendered":"<p>\ud83d\udfe5 \u00a1APROVECHA! \ud83d\udfe5 #Publicidad #Amazon #16 \ud83d\udd34 Robot LEFANT \u2705 AHORA 89.9 \u20ac \u2714\ufe0f\ud83d\udfe1 \u274c Antes 99.99 \u20ac \ud83d\uded2: https:\/\/btz.es\/5cYOsOH Descubre el poder innovador del Robot LEFANT, dise\u00f1ado para automatizar tareas con precisi\u00f3n y eficiencia. Su tecnolog\u00eda avanzada garantiza un rendimiento excepcional, ideal para quienes buscan soluciones inteligentes en rob\u00f3tica. Con LEFANT, experimenta la combinaci\u00f3n [&hellip;]<\/p>\n","protected":false},"featured_media":9515,"template":"","meta":{"_gspb_post_css":""},"store":[],"product_brand":[],"product_cat":[16],"product_tag":[],"class_list":{"0":"post-9516","1":"product","2":"type-product","3":"status-publish","4":"has-post-thumbnail","6":"product_cat-sin-categorizar","8":"first","9":"instock","10":"sale","11":"shipping-taxable","12":"product-type-external"},"jetpack_sharing_enabled":true,"_links":{"self":[{"href":"https:\/\/ofertacular.com\/index.php\/wp-json\/wp\/v2\/product\/9516","targetHints":{"allow":["GET"]}}],"collection":[{"href":"https:\/\/ofertacular.com\/index.php\/wp-json\/wp\/v2\/product"}],"about":[{"href":"https:\/\/ofertacular.com\/index.php\/wp-json\/wp\/v2\/types\/product"}],"wp:featuredmedia":[{"embeddable":true,"href":"https:\/\/ofertacular.com\/index.php\/wp-json\/wp\/v2\/media\/9515"}],"wp:attachment":[{"href":"https:\/\/ofertacular.com\/index.php\/wp-json\/wp\/v2\/media?parent=9516"}],"wp:term":[{"taxonomy":"store","embeddable":true,"href":"https:\/\/ofertacular.com\/index.php\/wp-json\/wp\/v2\/store?post=9516"},{"taxonomy":"product_brand","embeddable":true,"href":"https:\/\/ofertacular.com\/index.php\/wp-json\/wp\/v2\/product_brand?post=9516"},{"taxonomy":"product_cat","embeddable":true,"href":"https:\/\/ofertacular.com\/index.php\/wp-json\/wp\/v2\/product_cat?post=9516"},{"taxonomy":"product_tag","embeddable":true,"href":"https:\/\/ofertacular.com\/index.php\/wp-json\/wp\/v2\/product_tag?post=9516"}],"curies":[{"name":"wp","href":"https:\/\/api.w.org\/{rel}","templated":true}]}}