{"id":9648,"date":"2025-11-21T14:18:46","date_gmt":"2025-11-21T13:18:46","guid":{"rendered":"https:\/\/ofertacular.com\/index.php\/producto\/masterchef-knives-2\/"},"modified":"2025-11-21T14:18:46","modified_gmt":"2025-11-21T13:18:46","slug":"masterchef-knives-2","status":"publish","type":"product","link":"https:\/\/ofertacular.com\/index.php\/producto\/masterchef-knives-2\/","title":{"rendered":"MasterChef Knives"},"content":{"rendered":"<div class=\"oferta-container\">\n<p>\ud83d\udfe5 <b>\u00a1S\u00d3LO HOY!<\/b> \ud83d\udfe5 #Publicidad #Amazon #16<\/p>\n<p>\ud83d\udd34 <b>Cuchillos MasterChef <\/b><\/p>\n<p>\u2705 <b>AHORA 12.95 \u20ac<\/b> \u2714\ufe0f\ud83d\udfe1<\/p>\n<p>\u274c Antes 19.99 \u20ac<\/p>\n<p>\ud83d\uded2: <a href=\"https:\/\/btz.es\/5dlScxL\" target=\"_blank\" rel=\"nofollow noopener\">https:\/\/btz.es\/5dlScxL<\/a><\/p>\n<p>Descubre la excelencia en corte con los Cuchillos MasterChef, dise\u00f1ados para chefs profesionales y aficionados exigentes. Fabricados con materiales de alta calidad, ofrecen precisi\u00f3n, durabilidad y un agarre ergon\u00f3mico para garantizar resultados perfectos en cada preparaci\u00f3n. Ideal para cocina gourmet, estos cuchillos destacan por su filo excepcional y resistencia al desgaste. Optimiza tu experiencia culinaria y eleva tus platos con la confianza que solo MasterChef puede ofrecer. Compra ahora con env\u00edo r\u00e1pido y garant\u00eda de satisfacci\u00f3n.<\/p>\n<\/p><\/div>\n","protected":false},"excerpt":{"rendered":"<p>\ud83d\udfe5 \u00a1S\u00d3LO HOY! \ud83d\udfe5 #Publicidad #Amazon #16 \ud83d\udd34 Cuchillos MasterChef \u2705 AHORA 12.95 \u20ac \u2714\ufe0f\ud83d\udfe1 \u274c Antes 19.99 \u20ac \ud83d\uded2: https:\/\/btz.es\/5dlScxL Descubre la excelencia en corte con los Cuchillos MasterChef, dise\u00f1ados para chefs profesionales y aficionados exigentes. Fabricados con materiales de alta calidad, ofrecen precisi\u00f3n, durabilidad y un agarre ergon\u00f3mico para garantizar resultados perfectos en [&hellip;]<\/p>\n","protected":false},"featured_media":9647,"template":"","meta":{"_gspb_post_css":""},"store":[],"product_brand":[],"product_cat":[16],"product_tag":[],"class_list":{"0":"post-9648","1":"product","2":"type-product","3":"status-publish","4":"has-post-thumbnail","6":"product_cat-sin-categorizar","8":"first","9":"instock","10":"sale","11":"shipping-taxable","12":"product-type-external"},"jetpack_sharing_enabled":true,"_links":{"self":[{"href":"https:\/\/ofertacular.com\/index.php\/wp-json\/wp\/v2\/product\/9648","targetHints":{"allow":["GET"]}}],"collection":[{"href":"https:\/\/ofertacular.com\/index.php\/wp-json\/wp\/v2\/product"}],"about":[{"href":"https:\/\/ofertacular.com\/index.php\/wp-json\/wp\/v2\/types\/product"}],"wp:featuredmedia":[{"embeddable":true,"href":"https:\/\/ofertacular.com\/index.php\/wp-json\/wp\/v2\/media\/9647"}],"wp:attachment":[{"href":"https:\/\/ofertacular.com\/index.php\/wp-json\/wp\/v2\/media?parent=9648"}],"wp:term":[{"taxonomy":"store","embeddable":true,"href":"https:\/\/ofertacular.com\/index.php\/wp-json\/wp\/v2\/store?post=9648"},{"taxonomy":"product_brand","embeddable":true,"href":"https:\/\/ofertacular.com\/index.php\/wp-json\/wp\/v2\/product_brand?post=9648"},{"taxonomy":"product_cat","embeddable":true,"href":"https:\/\/ofertacular.com\/index.php\/wp-json\/wp\/v2\/product_cat?post=9648"},{"taxonomy":"product_tag","embeddable":true,"href":"https:\/\/ofertacular.com\/index.php\/wp-json\/wp\/v2\/product_tag?post=9648"}],"curies":[{"name":"wp","href":"https:\/\/api.w.org\/{rel}","templated":true}]}}