{"id":9754,"date":"2025-11-25T10:21:57","date_gmt":"2025-11-25T09:21:57","guid":{"rendered":"https:\/\/ofertacular.com\/index.php\/producto\/botella-termica-2\/"},"modified":"2025-11-25T10:21:57","modified_gmt":"2025-11-25T09:21:57","slug":"botella-termica-2","status":"publish","type":"product","link":"https:\/\/ofertacular.com\/index.php\/producto\/botella-termica-2\/","title":{"rendered":"Botella Termica"},"content":{"rendered":"<div class=\"oferta-container\">\n<p>\ud83d\udfe5 <b>\u00a1OFERTA ESPECIAL!<\/b> \ud83d\udfe5 #Publicidad #Amazon #16<\/p>\n<p>\ud83d\udd34 <b>Botella T\u00e9rmica <\/b><\/p>\n<p>\u2705 <b>AHORA 9.59 \u20ac<\/b> \u2714\ufe0f\ud83d\udfe1<\/p>\n<p>\u274c Antes 11.55 \u20ac<\/p>\n<p>\ud83d\uded2: <a href=\"https:\/\/btz.es\/5d8s6jC\" target=\"_blank\" rel=\"nofollow noopener\">https:\/\/btz.es\/5d8s6jC<\/a><\/p>\n<p>Descubre nuestra botella t\u00e9rmica de alta calidad, perfecta para mantener tus bebidas calientes o fr\u00edas durante horas. Fabricada con materiales duraderos y dise\u00f1o ergon\u00f3mico, es ideal para usar en casa, en la oficina o durante actividades al aire libre. Mant\u00e9n la temperatura \u00f3ptima de tus l\u00edquidos con estilo y funcionalidad. \u00a1Compra ahora y disfruta de la mejor experiencia en hidrataci\u00f3n!<\/p>\n<\/p><\/div>\n","protected":false},"excerpt":{"rendered":"<p>\ud83d\udfe5 \u00a1OFERTA ESPECIAL! \ud83d\udfe5 #Publicidad #Amazon #16 \ud83d\udd34 Botella T\u00e9rmica \u2705 AHORA 9.59 \u20ac \u2714\ufe0f\ud83d\udfe1 \u274c Antes 11.55 \u20ac \ud83d\uded2: https:\/\/btz.es\/5d8s6jC Descubre nuestra botella t\u00e9rmica de alta calidad, perfecta para mantener tus bebidas calientes o fr\u00edas durante horas. Fabricada con materiales duraderos y dise\u00f1o ergon\u00f3mico, es ideal para usar en casa, en la oficina o [&hellip;]<\/p>\n","protected":false},"featured_media":9753,"template":"","meta":{"_gspb_post_css":""},"store":[],"product_brand":[],"product_cat":[16],"product_tag":[],"class_list":{"0":"post-9754","1":"product","2":"type-product","3":"status-publish","4":"has-post-thumbnail","6":"product_cat-sin-categorizar","8":"first","9":"instock","10":"sale","11":"shipping-taxable","12":"product-type-external"},"jetpack_sharing_enabled":true,"_links":{"self":[{"href":"https:\/\/ofertacular.com\/index.php\/wp-json\/wp\/v2\/product\/9754","targetHints":{"allow":["GET"]}}],"collection":[{"href":"https:\/\/ofertacular.com\/index.php\/wp-json\/wp\/v2\/product"}],"about":[{"href":"https:\/\/ofertacular.com\/index.php\/wp-json\/wp\/v2\/types\/product"}],"wp:featuredmedia":[{"embeddable":true,"href":"https:\/\/ofertacular.com\/index.php\/wp-json\/wp\/v2\/media\/9753"}],"wp:attachment":[{"href":"https:\/\/ofertacular.com\/index.php\/wp-json\/wp\/v2\/media?parent=9754"}],"wp:term":[{"taxonomy":"store","embeddable":true,"href":"https:\/\/ofertacular.com\/index.php\/wp-json\/wp\/v2\/store?post=9754"},{"taxonomy":"product_brand","embeddable":true,"href":"https:\/\/ofertacular.com\/index.php\/wp-json\/wp\/v2\/product_brand?post=9754"},{"taxonomy":"product_cat","embeddable":true,"href":"https:\/\/ofertacular.com\/index.php\/wp-json\/wp\/v2\/product_cat?post=9754"},{"taxonomy":"product_tag","embeddable":true,"href":"https:\/\/ofertacular.com\/index.php\/wp-json\/wp\/v2\/product_tag?post=9754"}],"curies":[{"name":"wp","href":"https:\/\/api.w.org\/{rel}","templated":true}]}}