{"id":9966,"date":"2025-12-01T10:10:26","date_gmt":"2025-12-01T09:10:26","guid":{"rendered":"https:\/\/ofertacular.com\/index.php\/producto\/calentador-manos\/"},"modified":"2025-12-01T10:10:26","modified_gmt":"2025-12-01T09:10:26","slug":"calentador-manos","status":"publish","type":"product","link":"https:\/\/ofertacular.com\/index.php\/producto\/calentador-manos\/","title":{"rendered":"Calentador Manos"},"content":{"rendered":"<div class=\"oferta-container\">\ud83d\udfea <b>EXCLUSIVO<\/b> \ud83d\udfea #Publicidad #Amazon\ud83d\udfe3 <b> Funko POP! Accesorios Calentador Manos<\/b> \u2705 <b>AHORA 14.99 \u20ac<\/b> \u2714\ufe0f\ud83d\udfe1\u274c Antes  \u20ac \ud83d\uded2: https:\/\/btz.es\/5ehuLKQ\ud83d\udfe2 Ofertacular.com<\/p>\n<p>Descubre el Calentador de Manos Recargable y Port\u00e1til, el accesorio perfecto para mantener tus manos calientes en cualquier lugar. Dise\u00f1ado para ofrecer comodidad y practicidad, este dispositivo es ideal para quienes buscan una soluci\u00f3n eficiente contra el fr\u00edo. Su tecnolog\u00eda recargable garantiza un uso prolongado y ecol\u00f3gico, mientras que su tama\u00f1o compacto facilita su transporte en bolsos o mochilas. Perfecto para actividades al aire libre, trabajo o descanso, este calentador combina funcionalidad y estilo. Optimizado para quienes valoran la calidad y eficacia, este calentador port\u00e1til se posiciona como un imprescindible para temporadas fr\u00edas.<\/p>\n<\/div>\n","protected":false},"excerpt":{"rendered":"<p>\ud83d\udfea EXCLUSIVO \ud83d\udfea #Publicidad #Amazon\ud83d\udfe3 Funko POP! Accesorios Calentador Manos \u2705 AHORA 14.99 \u20ac \u2714\ufe0f\ud83d\udfe1\u274c Antes \u20ac \ud83d\uded2: https:\/\/btz.es\/5ehuLKQ\ud83d\udfe2 Ofertacular.com Descubre el Calentador de Manos Recargable y Port\u00e1til, el accesorio perfecto para mantener tus manos calientes en cualquier lugar. Dise\u00f1ado para ofrecer comodidad y practicidad, este dispositivo es ideal para quienes buscan una soluci\u00f3n eficiente [&hellip;]<\/p>\n","protected":false},"featured_media":9965,"template":"","meta":{"_gspb_post_css":""},"store":[],"product_brand":[],"product_cat":[16],"product_tag":[],"class_list":{"0":"post-9966","1":"product","2":"type-product","3":"status-publish","4":"has-post-thumbnail","6":"product_cat-sin-categorizar","8":"first","9":"instock","10":"shipping-taxable","11":"product-type-external"},"jetpack_sharing_enabled":true,"_links":{"self":[{"href":"https:\/\/ofertacular.com\/index.php\/wp-json\/wp\/v2\/product\/9966","targetHints":{"allow":["GET"]}}],"collection":[{"href":"https:\/\/ofertacular.com\/index.php\/wp-json\/wp\/v2\/product"}],"about":[{"href":"https:\/\/ofertacular.com\/index.php\/wp-json\/wp\/v2\/types\/product"}],"wp:featuredmedia":[{"embeddable":true,"href":"https:\/\/ofertacular.com\/index.php\/wp-json\/wp\/v2\/media\/9965"}],"wp:attachment":[{"href":"https:\/\/ofertacular.com\/index.php\/wp-json\/wp\/v2\/media?parent=9966"}],"wp:term":[{"taxonomy":"store","embeddable":true,"href":"https:\/\/ofertacular.com\/index.php\/wp-json\/wp\/v2\/store?post=9966"},{"taxonomy":"product_brand","embeddable":true,"href":"https:\/\/ofertacular.com\/index.php\/wp-json\/wp\/v2\/product_brand?post=9966"},{"taxonomy":"product_cat","embeddable":true,"href":"https:\/\/ofertacular.com\/index.php\/wp-json\/wp\/v2\/product_cat?post=9966"},{"taxonomy":"product_tag","embeddable":true,"href":"https:\/\/ofertacular.com\/index.php\/wp-json\/wp\/v2\/product_tag?post=9966"}],"curies":[{"name":"wp","href":"https:\/\/api.w.org\/{rel}","templated":true}]}}