{"id":9998,"date":"2025-12-03T12:09:56","date_gmt":"2025-12-03T11:09:56","guid":{"rendered":"https:\/\/ofertacular.com\/index.php\/producto\/braun-depiladora\/"},"modified":"2025-12-03T12:09:56","modified_gmt":"2025-12-03T11:09:56","slug":"braun-depiladora","status":"publish","type":"product","link":"https:\/\/ofertacular.com\/index.php\/producto\/braun-depiladora\/","title":{"rendered":"Braun Depiladora"},"content":{"rendered":"<div class=\"oferta-container\">\n<p>\ud83d\udfe5 <b>AHORRA AQU\u00cd<\/b> \ud83d\udfe5 #Publicidad #Amazon #16<\/p>\n<p>\ud83d\udd34 <b>Depiladora Braun <\/b><\/p>\n<p>\u2705 <b>AHORA 149.98 \u20ac<\/b> \u2714\ufe0f\ud83d\udfe1<\/p>\n<p>\u274c Antes 259.99 \u20ac<\/p>\n<p>\ud83d\uded2: <a href=\"https:\/\/btz.es\/5et5U4q\" target=\"_blank\" rel=\"nofollow noopener\">https:\/\/btz.es\/5et5U4q<\/a><\/p>\n<p>Descubre la eficiencia y suavidad de la Depiladora Braun, dise\u00f1ada para ofrecerte una experiencia de depilaci\u00f3n c\u00f3moda, r\u00e1pida y duradera. Ideal para eliminar el vello no deseado con precisi\u00f3n y cuidado, esta depiladora de alta calidad garantiza resultados profesionales desde casa. Su tecnolog\u00eda avanzada asegura un tratamiento eficaz, reduciendo el vello progresivamente y dejando tu piel suave y radiante. Perfila tu belleza con la confianza que solo Braun puede brindar.<\/p>\n<\/p><\/div>\n","protected":false},"excerpt":{"rendered":"<p>\ud83d\udfe5 AHORRA AQU\u00cd \ud83d\udfe5 #Publicidad #Amazon #16 \ud83d\udd34 Depiladora Braun \u2705 AHORA 149.98 \u20ac \u2714\ufe0f\ud83d\udfe1 \u274c Antes 259.99 \u20ac \ud83d\uded2: https:\/\/btz.es\/5et5U4q Descubre la eficiencia y suavidad de la Depiladora Braun, dise\u00f1ada para ofrecerte una experiencia de depilaci\u00f3n c\u00f3moda, r\u00e1pida y duradera. Ideal para eliminar el vello no deseado con precisi\u00f3n y cuidado, esta depiladora de [&hellip;]<\/p>\n","protected":false},"featured_media":9997,"template":"","meta":{"_gspb_post_css":""},"store":[],"product_brand":[],"product_cat":[16],"product_tag":[],"class_list":{"0":"post-9998","1":"product","2":"type-product","3":"status-publish","4":"has-post-thumbnail","6":"product_cat-sin-categorizar","8":"first","9":"instock","10":"sale","11":"shipping-taxable","12":"product-type-external"},"jetpack_sharing_enabled":true,"_links":{"self":[{"href":"https:\/\/ofertacular.com\/index.php\/wp-json\/wp\/v2\/product\/9998","targetHints":{"allow":["GET"]}}],"collection":[{"href":"https:\/\/ofertacular.com\/index.php\/wp-json\/wp\/v2\/product"}],"about":[{"href":"https:\/\/ofertacular.com\/index.php\/wp-json\/wp\/v2\/types\/product"}],"wp:featuredmedia":[{"embeddable":true,"href":"https:\/\/ofertacular.com\/index.php\/wp-json\/wp\/v2\/media\/9997"}],"wp:attachment":[{"href":"https:\/\/ofertacular.com\/index.php\/wp-json\/wp\/v2\/media?parent=9998"}],"wp:term":[{"taxonomy":"store","embeddable":true,"href":"https:\/\/ofertacular.com\/index.php\/wp-json\/wp\/v2\/store?post=9998"},{"taxonomy":"product_brand","embeddable":true,"href":"https:\/\/ofertacular.com\/index.php\/wp-json\/wp\/v2\/product_brand?post=9998"},{"taxonomy":"product_cat","embeddable":true,"href":"https:\/\/ofertacular.com\/index.php\/wp-json\/wp\/v2\/product_cat?post=9998"},{"taxonomy":"product_tag","embeddable":true,"href":"https:\/\/ofertacular.com\/index.php\/wp-json\/wp\/v2\/product_tag?post=9998"}],"curies":[{"name":"wp","href":"https:\/\/api.w.org\/{rel}","templated":true}]}}